CRAN Package Check Results for Package nodiv

Last updated on 2025-07-16 23:49:21 CEST.

Flavor Version Tinstall Tcheck Ttotal Status Flags
r-devel-linux-x86_64-debian-clang 1.4.2 37.94 296.52 334.46 NOTE
r-devel-linux-x86_64-debian-gcc 1.4.2 22.05 187.73 209.78 NOTE
r-devel-linux-x86_64-fedora-clang 1.4.2 555.21 OK
r-devel-linux-x86_64-fedora-gcc 1.4.2 503.06 OK
r-devel-windows-x86_64 1.4.2 31.00 241.00 272.00 NOTE
r-patched-linux-x86_64 1.4.2 35.42 275.07 310.49 NOTE
r-release-linux-x86_64 1.4.2 35.16 279.74 314.90 NOTE
r-release-macos-arm64 1.4.2 114.00 OK
r-release-macos-x86_64 1.4.2 237.00 OK
r-release-windows-x86_64 1.4.2 31.00 237.00 268.00 NOTE
r-oldrel-macos-arm64 1.4.2 108.00 OK
r-oldrel-macos-x86_64 1.4.2 181.00 OK
r-oldrel-windows-x86_64 1.4.2 41.00 326.00 367.00 OK

Check Details

Version: 1.4.2
Check: CRAN incoming feasibility
Result: NOTE Maintainer: ‘Michael Krabbe Borregaard <mkborregaard@sund.ku.dk>’ No Authors@R field in DESCRIPTION. Please add one, modifying Authors@R: person(given = c("Michael", "Krabbe"), family = "Borregaard", role = c("aut", "cre"), email = "mkborregaard@sund.ku.dk") as necessary. Flavors: r-devel-linux-x86_64-debian-clang, r-devel-linux-x86_64-debian-gcc

Version: 1.4.2
Check: Rd cross-references
Result: NOTE Found the following Rd file(s) with Rd \link{} targets missing package anchors: phyplot.Rd: axisPhylo Please provide package anchors for all Rd \link{} targets not in the package itself and the base packages. Flavors: r-devel-linux-x86_64-debian-clang, r-devel-linux-x86_64-debian-gcc, r-devel-windows-x86_64, r-patched-linux-x86_64, r-release-linux-x86_64, r-release-windows-x86_64