CRAN Package Check Results for Package nls2

Last updated on 2025-07-20 14:50:41 CEST.

Flavor Version Tinstall Tcheck Ttotal Status Flags
r-devel-linux-x86_64-debian-clang 0.3-4 2.45 26.87 29.32 NOTE
r-devel-linux-x86_64-debian-gcc 0.3-4 1.86 20.16 22.02 NOTE
r-devel-linux-x86_64-fedora-clang 0.3-4 48.58 OK
r-devel-linux-x86_64-fedora-gcc 0.3-4 42.38 OK
r-devel-windows-x86_64 0.3-4 3.00 46.00 49.00 OK
r-patched-linux-x86_64 0.3-4 2.35 25.14 27.49 OK
r-release-linux-x86_64 0.3-4 2.35 25.78 28.13 OK
r-release-macos-arm64 0.3-4 19.00 OK
r-release-macos-x86_64 0.3-4 35.00 OK
r-release-windows-x86_64 0.3-4 3.00 45.00 48.00 OK
r-oldrel-macos-arm64 0.3-4 24.00 OK
r-oldrel-macos-x86_64 0.3-4 64.00 OK
r-oldrel-windows-x86_64 0.3-4 5.00 52.00 57.00 OK

Check Details

Version: 0.3-4
Check: CRAN incoming feasibility
Result: NOTE Maintainer: ‘G. Grothendieck <ggrothendieck@gmail.com>’ No Authors@R field in DESCRIPTION. Please add one, modifying Authors@R: c(person(given = "G.", family = "Grothendieck", role = c("aut", "cre"), email = "ggrothendieck@gmail.com"), person(given = c("R", "Core"), family = "Team", role = "aut", comment = "nls")) as necessary. Flavors: r-devel-linux-x86_64-debian-clang, r-devel-linux-x86_64-debian-gcc