Last updated on 2025-07-17 19:51:44 CEST.
Flavor | Version | Tinstall | Tcheck | Ttotal | Status | Flags |
---|---|---|---|---|---|---|
r-devel-linux-x86_64-debian-clang | 0.3.2 | 6.35 | 432.50 | 438.85 | NOTE | |
r-devel-linux-x86_64-debian-gcc | 0.3.2 | 5.09 | 249.47 | 254.56 | NOTE | |
r-devel-linux-x86_64-fedora-clang | 0.3.2 | 785.57 | NOTE | |||
r-devel-linux-x86_64-fedora-gcc | 0.3.2 | 749.17 | NOTE | |||
r-devel-windows-x86_64 | 0.3.2 | 10.00 | 376.00 | 386.00 | NOTE | |
r-patched-linux-x86_64 | 0.3.2 | 7.25 | 401.78 | 409.03 | NOTE | |
r-release-linux-x86_64 | 0.3.2 | 6.43 | 397.57 | 404.00 | NOTE | |
r-release-macos-arm64 | 0.3.2 | 154.00 | NOTE | |||
r-release-macos-x86_64 | 0.3.2 | 531.00 | NOTE | |||
r-release-windows-x86_64 | 0.3.2 | 11.00 | 371.00 | 382.00 | NOTE | |
r-oldrel-macos-arm64 | 0.3.2 | 126.00 | OK | |||
r-oldrel-macos-x86_64 | 0.3.2 | 217.00 | OK | |||
r-oldrel-windows-x86_64 | 0.3.2 | 12.00 | 552.00 | 564.00 | OK |
Version: 0.3.2
Check: DESCRIPTION meta-information
Result: NOTE
Missing dependency on R >= 4.1.0 because package code uses the pipe
|> or function shorthand \(...) syntax added in R 4.1.0.
File(s) using such syntax:
‘create_comparison.R’ ‘create_comparisons.Rd’
‘extract_group_metrics.R’ ‘extract_group_metrics.Rd’
‘extract_layman.R’ ‘extract_layman.Rd’ ‘extract_mu.R’ ‘extract_mu.Rd’
‘extract_niche_size.R’ ‘extract_overlap.R’ ‘extract_sigma.R’
‘extract_similarities.R’ ‘extract_similarities.Rd’ ‘niche_ellipse.R’
Flavors: r-devel-linux-x86_64-debian-clang, r-devel-linux-x86_64-debian-gcc, r-devel-linux-x86_64-fedora-clang, r-devel-linux-x86_64-fedora-gcc, r-devel-windows-x86_64, r-patched-linux-x86_64, r-release-linux-x86_64, r-release-macos-arm64, r-release-windows-x86_64
Version: 0.3.2
Check: DESCRIPTION meta-information
Result: NOTE
Missing dependency on R >= 4.1.0 because package code uses the pipe
|> or function shorthand \(...) syntax added in R 4.1.0.
File(s) using such syntax:
‘create_comparison.R’ ‘extract_group_metrics.R’ ‘extract_layman.R’
‘extract_mu.R’ ‘extract_niche_size.R’ ‘extract_overlap.R’
‘extract_sigma.R’ ‘extract_similarities.R’ ‘niche_ellipse.R’
Flavor: r-release-macos-x86_64