Last updated on 2025-07-15 17:50:14 CEST.
Flavor | Version | Tinstall | Tcheck | Ttotal | Status | Flags |
---|---|---|---|---|---|---|
r-devel-linux-x86_64-debian-clang | 1.3.2 | 0.40 | 3.69 | 4.09 | ERROR | |
r-devel-linux-x86_64-debian-gcc | 1.3.2 | 0.34 | 2.91 | 3.25 | ERROR | |
r-devel-linux-x86_64-fedora-clang | 1.3.2 | 331.86 | OK | |||
r-devel-linux-x86_64-fedora-gcc | 1.3.2 | 200.09 | OK | |||
r-devel-windows-x86_64 | 1.3.2 | 17.00 | 181.00 | 198.00 | OK | |
r-patched-linux-x86_64 | 1.3.2 | 14.70 | 187.98 | 202.68 | OK | |
r-release-linux-x86_64 | 1.3.2 | 12.56 | 189.43 | 201.99 | OK | |
r-release-macos-arm64 | 1.3.2 | 98.00 | OK | |||
r-release-macos-x86_64 | 1.3.2 | 163.00 | OK | |||
r-release-windows-x86_64 | 1.3.2 | 15.00 | 186.00 | 201.00 | OK | |
r-oldrel-macos-arm64 | 1.3.2 | 101.00 | NOTE | |||
r-oldrel-macos-x86_64 | 1.3.2 | 172.00 | NOTE | |||
r-oldrel-windows-x86_64 | 1.3.2 | 22.00 | 234.00 | 256.00 | NOTE |
Version: 1.3.2
Check: package dependencies
Result: ERROR
Package required but not available: ‘dataRetrieval’
See section ‘The DESCRIPTION file’ in the ‘Writing R Extensions’
manual.
Flavors: r-devel-linux-x86_64-debian-clang, r-devel-linux-x86_64-debian-gcc
Version: 1.3.2
Check: installed package size
Result: NOTE
installed size is 7.4Mb
sub-directories of 1Mb or more:
data 1.6Mb
doc 5.1Mb
Flavors: r-oldrel-macos-arm64, r-oldrel-macos-x86_64, r-oldrel-windows-x86_64