Last updated on 2025-07-15 23:51:27 CEST.
Flavor | Version | Tinstall | Tcheck | Ttotal | Status | Flags |
---|---|---|---|---|---|---|
r-devel-linux-x86_64-debian-clang | 0.2.0 | 3.11 | 29.61 | 32.72 | NOTE | |
r-devel-linux-x86_64-debian-gcc | 0.2.0 | 2.44 | 23.74 | 26.18 | NOTE | |
r-devel-linux-x86_64-fedora-clang | 0.2.0 | 53.22 | OK | |||
r-devel-linux-x86_64-fedora-gcc | 0.2.0 | 48.23 | OK | |||
r-devel-windows-x86_64 | 0.2.0 | 4.00 | 54.00 | 58.00 | OK | |
r-patched-linux-x86_64 | 0.2.0 | 3.08 | 28.37 | 31.45 | OK | |
r-release-linux-x86_64 | 0.2.0 | 2.75 | 27.88 | 30.63 | OK | |
r-release-macos-arm64 | 0.2.0 | 24.00 | OK | |||
r-release-macos-x86_64 | 0.2.0 | 35.00 | OK | |||
r-release-windows-x86_64 | 0.2.0 | 4.00 | 71.00 | 75.00 | OK | |
r-oldrel-macos-arm64 | 0.2.0 | 21.00 | NOTE | |||
r-oldrel-macos-x86_64 | 0.2.0 | 29.00 | NOTE | |||
r-oldrel-windows-x86_64 | 0.2.0 | 5.00 | 58.00 | 63.00 | NOTE |
Version: 0.2.0
Check: CRAN incoming feasibility
Result: NOTE
Maintainer: ‘Chung-hong Chan <chainsawtiney@gmail.com>’
No Authors@R field in DESCRIPTION.
Please add one, modifying
Authors@R: person(given = "Chung-hong",
family = "Chan",
role = c("aut", "cre"),
email = "chainsawtiney@gmail.com")
as necessary.
Flavors: r-devel-linux-x86_64-debian-clang, r-devel-linux-x86_64-debian-gcc
Version: 0.2.0
Check: LazyData
Result: NOTE
'LazyData' is specified without a 'data' directory
Flavors: r-oldrel-macos-arm64, r-oldrel-macos-x86_64, r-oldrel-windows-x86_64