Last updated on 2025-07-16 17:49:30 CEST.
Flavor | Version | Tinstall | Tcheck | Ttotal | Status | Flags |
---|---|---|---|---|---|---|
r-devel-linux-x86_64-debian-clang | 1.0-1 | 7.01 | 62.83 | 69.84 | NOTE | |
r-devel-linux-x86_64-debian-gcc | 1.0-1 | 5.13 | 43.22 | 48.35 | NOTE | |
r-devel-linux-x86_64-fedora-clang | 1.0-1 | 113.37 | OK | |||
r-devel-linux-x86_64-fedora-gcc | 1.0-1 | 104.03 | OK | |||
r-devel-windows-x86_64 | 1.0-1 | 9.00 | 73.00 | 82.00 | OK | |
r-patched-linux-x86_64 | 1.0-1 | 7.13 | 56.97 | 64.10 | OK | |
r-release-linux-x86_64 | 1.0-1 | 6.63 | 57.26 | 63.89 | OK | |
r-release-macos-arm64 | 1.0-1 | 34.00 | OK | |||
r-release-macos-x86_64 | 1.0-1 | 58.00 | OK | |||
r-release-windows-x86_64 | 1.0-1 | 8.00 | 89.00 | 97.00 | OK | |
r-oldrel-macos-arm64 | 1.0-1 | 32.00 | OK | |||
r-oldrel-macos-x86_64 | 1.0-1 | 84.00 | OK | |||
r-oldrel-windows-x86_64 | 1.0-1 | 10.00 | 89.00 | 99.00 | OK |
Version: 1.0-1
Check: CRAN incoming feasibility
Result: NOTE
Maintainer: ‘Surya Tokdar <surya.tokdar@duke.edu>’
No Authors@R field in DESCRIPTION.
Please add one, modifying
Authors@R: person(given = "Surya",
family = "Tokdar",
role = c("aut", "cre"),
email = "surya.tokdar@duke.edu")
as necessary.
The Description field contains
may be found at <arXiv:1911.04387>.
Please refer to arXiv e-prints via their arXiv DOI <doi:10.48550/arXiv.YYMM.NNNNN>.
Flavors: r-devel-linux-x86_64-debian-clang, r-devel-linux-x86_64-debian-gcc