Last updated on 2025-07-15 23:51:27 CEST.
Flavor | Version | Tinstall | Tcheck | Ttotal | Status | Flags |
---|---|---|---|---|---|---|
r-devel-linux-x86_64-debian-clang | 1.0.0 | 3.50 | 125.33 | 128.83 | OK | |
r-devel-linux-x86_64-debian-gcc | 1.0.0 | 2.86 | 105.30 | 108.16 | OK | |
r-devel-linux-x86_64-fedora-clang | 1.0.0 | 202.51 | OK | |||
r-devel-linux-x86_64-fedora-gcc | 1.0.0 | 243.94 | OK | |||
r-devel-windows-x86_64 | 1.0.0 | 6.00 | 171.00 | 177.00 | OK | |
r-patched-linux-x86_64 | 1.0.0 | 4.32 | 118.30 | 122.62 | OK | |
r-release-linux-x86_64 | 1.0.0 | 3.83 | 120.23 | 124.06 | OK | |
r-release-macos-arm64 | 1.0.0 | 108.00 | OK | |||
r-release-macos-x86_64 | 1.0.0 | 183.00 | OK | |||
r-release-windows-x86_64 | 1.0.0 | 6.00 | 167.00 | 173.00 | OK | |
r-oldrel-macos-arm64 | 1.0.0 | 92.00 | NOTE | |||
r-oldrel-macos-x86_64 | 1.0.0 | 167.00 | NOTE | |||
r-oldrel-windows-x86_64 | 1.0.0 | 8.00 | 196.00 | 204.00 | NOTE |
Version: 1.0.0
Check: package dependencies
Result: NOTE
Packages suggested but not available for checking:
'BPST', 'ImageSCC', 'Triangulation'
Flavors: r-oldrel-macos-arm64, r-oldrel-macos-x86_64, r-oldrel-windows-x86_64