Last updated on 2025-10-21 05:49:35 CEST.
Flavor | Version | Tinstall | Tcheck | Ttotal | Status | Flags |
---|---|---|---|---|---|---|
r-devel-linux-x86_64-debian-clang | 0.1.0 | 7.04 | 53.88 | 60.92 | OK | |
r-devel-linux-x86_64-debian-gcc | 0.1.0 | 4.14 | 38.89 | 43.03 | NOTE | |
r-devel-linux-x86_64-fedora-clang | 0.1.0 | 91.05 | OK | |||
r-devel-linux-x86_64-fedora-gcc | 0.1.0 | 84.16 | OK | |||
r-devel-windows-x86_64 | 0.1.0 | 8.00 | 66.00 | 74.00 | OK | |
r-patched-linux-x86_64 | 0.1.0 | 6.15 | 48.80 | 54.95 | OK | |
r-release-linux-x86_64 | 0.1.0 | 5.46 | 48.79 | 54.25 | OK | |
r-release-macos-arm64 | 0.1.0 | 27.00 | OK | |||
r-release-macos-x86_64 | 0.1.0 | 63.00 | OK | |||
r-release-windows-x86_64 | 0.1.0 | 11.00 | 66.00 | 77.00 | OK | |
r-oldrel-macos-arm64 | 0.1.0 | 32.00 | OK | |||
r-oldrel-macos-x86_64 | 0.1.0 | 103.00 | OK | |||
r-oldrel-windows-x86_64 | 0.1.0 | 11.00 | 81.00 | 92.00 | OK |
Version: 0.1.0
Check: HTML version of manual
Result: NOTE
Found the following HTML validation problems:
debug_print.html:47:1 (debug_print.Rd:10): Warning: missing </ul> before </div>
execute_llm_tools.html:50:1 (execute_llm_tools.Rd:12): Warning: missing </ul> before </div>
get_config.html:46:1 (get_config.Rd:10): Warning: missing </ul> before </div>
myownrobs_server.html:46:1 (myownrobs_server.Rd:10): Warning: missing </ul> before </div>
parse_agent_response.html:47:1 (parse_agent_response.Rd:10): Warning: missing </ul> before </div>
policy_server.html:46:1 (policy_server.Rd:10): Warning: missing </ul> before </div>
policy_ui.html:46:1 (policy_ui.Rd:10): Warning: missing </ul> before </div>
save_api_key.html:46:1 (save_api_key.Rd:10): Warning: missing </ul> before </div>
send_prompt.html:84:1 (send_prompt.Rd:34): Warning: missing </ul> before </div>
send_prompt_async.html:84:1 (send_prompt_async.Rd:34): Warning: missing </ul> before </div>
set_config.html:50:1 (set_config.Rd:12): Warning: missing </ul> before </div>
set_initial_project.html:47:1 (set_initial_project.Rd:11): Warning: missing </ul> before </div>
settings_module.html:50:1 (settings_module.Rd:12): Warning: missing </ul> before </div>
validate_command_args.html:53:1 (validate_command_args.Rd:13): Warning: missing </ul> before </div>
validate_credentials.html:50:1 (validate_credentials.Rd:12): Warning: missing </ul> before </div>
Flavor: r-devel-linux-x86_64-debian-gcc