Last updated on 2025-07-16 05:49:29 CEST.
Flavor | Version | Tinstall | Tcheck | Ttotal | Status | Flags |
---|---|---|---|---|---|---|
r-devel-linux-x86_64-debian-clang | 0.1.5 | 30.33 | 70.29 | 100.62 | NOTE | |
r-devel-linux-x86_64-debian-gcc | 0.1.5 | 24.22 | 55.41 | 79.63 | NOTE | |
r-devel-linux-x86_64-fedora-clang | 0.1.5 | 182.85 | OK | |||
r-devel-linux-x86_64-fedora-gcc | 0.1.5 | 175.81 | OK | |||
r-devel-windows-x86_64 | 0.1.5 | 34.00 | 100.00 | 134.00 | OK | |
r-patched-linux-x86_64 | 0.1.5 | 34.29 | 67.99 | 102.28 | OK | |
r-release-linux-x86_64 | 0.1.5 | 33.69 | 68.00 | 101.69 | OK | |
r-release-macos-arm64 | 0.1.5 | 61.00 | OK | |||
r-release-macos-x86_64 | 0.1.5 | 97.00 | OK | |||
r-release-windows-x86_64 | 0.1.5 | 33.00 | 110.00 | 143.00 | OK | |
r-oldrel-macos-arm64 | 0.1.5 | 49.00 | OK | |||
r-oldrel-macos-x86_64 | 0.1.5 | 75.00 | OK | |||
r-oldrel-windows-x86_64 | 0.1.5 | 42.00 | 127.00 | 169.00 | OK |
Version: 0.1.5
Check: CRAN incoming feasibility
Result: NOTE
Maintainer: ‘Tommy Jones <jones.thos.w@gmail.com>’
The Description field contains
Jones (2019) <arXiv:1911.11061>.
Please refer to arXiv e-prints via their arXiv DOI <doi:10.48550/arXiv.YYMM.NNNNN>.
Flavors: r-devel-linux-x86_64-debian-clang, r-devel-linux-x86_64-debian-gcc