Last updated on 2025-07-15 17:50:14 CEST.
Flavor | Version | Tinstall | Tcheck | Ttotal | Status | Flags |
---|---|---|---|---|---|---|
r-devel-linux-x86_64-debian-clang | 0.8.1 | 1757.04 | 449.09 | 2206.13 | OK | |
r-devel-linux-x86_64-debian-gcc | 0.8.1 | 1487.62 | 392.77 | 1880.39 | OK | |
r-devel-linux-x86_64-fedora-clang | 0.8.1 | 3326.48 | OK | |||
r-devel-linux-x86_64-fedora-gcc | 0.8.1 | 4285.48 | OK | |||
r-devel-windows-x86_64 | 0.8.1 | 1465.00 | 551.00 | 2016.00 | OK | |
r-patched-linux-x86_64 | 0.8.1 | 1954.62 | 556.59 | 2511.21 | OK | |
r-release-linux-x86_64 | 0.8.1 | 1765.19 | 551.18 | 2316.37 | OK | |
r-release-macos-arm64 | 0.8.1 | 492.00 | OK | |||
r-release-macos-x86_64 | 0.8.1 | 606.00 | OK | |||
r-release-windows-x86_64 | 0.8.1 | 1498.00 | 547.00 | 2045.00 | OK | |
r-oldrel-macos-arm64 | 0.8.1 | 521.00 | NOTE | |||
r-oldrel-macos-x86_64 | 0.8.1 | 679.00 | NOTE | |||
r-oldrel-windows-x86_64 | 0.8.1 | 1926.00 | 702.00 | 2628.00 | NOTE |
Version: 0.8.1
Check: installed package size
Result: NOTE
installed size is 285.2Mb
sub-directories of 1Mb or more:
R 2.0Mb
doc 4.6Mb
libs 277.8Mb
Flavors: r-oldrel-macos-arm64, r-oldrel-macos-x86_64, r-oldrel-windows-x86_64
Version: 0.8.1
Check: for GNU extensions in Makefiles
Result: NOTE
GNU make is a SystemRequirements.
Flavors: r-oldrel-macos-arm64, r-oldrel-macos-x86_64, r-oldrel-windows-x86_64