Last updated on 2025-07-16 11:50:44 CEST.
Flavor | Version | Tinstall | Tcheck | Ttotal | Status | Flags |
---|---|---|---|---|---|---|
r-devel-linux-x86_64-debian-clang | 0.3.1 | 55.59 | 560.76 | 616.35 | OK | |
r-devel-linux-x86_64-debian-gcc | 0.3.1 | 36.56 | 354.08 | 390.64 | OK | |
r-devel-linux-x86_64-fedora-clang | 0.3.1 | 1009.96 | OK | |||
r-devel-linux-x86_64-fedora-gcc | 0.3.1 | 971.44 | OK | |||
r-devel-windows-x86_64 | 0.3.1 | 87.00 | 599.00 | 686.00 | OK | |
r-patched-linux-x86_64 | 0.3.1 | 49.93 | 531.50 | 581.43 | OK | |
r-release-linux-x86_64 | 0.3.1 | 54.76 | 539.59 | 594.35 | OK | |
r-release-macos-arm64 | 0.3.1 | 5.00 | ERROR | |||
r-release-macos-x86_64 | 0.3.1 | 316.00 | OK | |||
r-release-windows-x86_64 | 0.3.1 | 89.00 | 635.00 | 724.00 | OK | |
r-oldrel-macos-arm64 | 0.3.1 | 187.00 | NOTE | |||
r-oldrel-macos-x86_64 | 0.3.1 | 326.00 | NOTE | |||
r-oldrel-windows-x86_64 | 0.3.1 | 117.00 | 831.00 | 948.00 | OK |
Version: 0.3.1
Check: package dependencies
Result: ERROR
Package required but not available: ‘ctmm’
See section ‘The DESCRIPTION file’ in the ‘Writing R Extensions’
manual.
Flavor: r-release-macos-arm64
Version: 0.3.1
Check: installed package size
Result: NOTE
installed size is 5.1Mb
sub-directories of 1Mb or more:
R 2.0Mb
doc 2.0Mb
Flavors: r-oldrel-macos-arm64, r-oldrel-macos-x86_64