Last updated on 2025-07-15 05:51:25 CEST.
Flavor | Version | Tinstall | Tcheck | Ttotal | Status | Flags |
---|---|---|---|---|---|---|
r-devel-linux-x86_64-debian-clang | 0.0.4 | 25.48 | 114.11 | 139.59 | OK | |
r-devel-linux-x86_64-debian-gcc | 0.0.4 | 18.35 | 76.43 | 94.78 | OK | |
r-devel-linux-x86_64-fedora-clang | 0.0.4 | 223.37 | OK | |||
r-devel-linux-x86_64-fedora-gcc | 0.0.4 | 222.02 | OK | |||
r-devel-windows-x86_64 | 0.0.4 | 38.00 | 152.00 | 190.00 | OK | |
r-patched-linux-x86_64 | 0.0.4 | 25.14 | 104.25 | 129.39 | OK | |
r-release-linux-x86_64 | 0.0.4 | 25.34 | 104.26 | 129.60 | OK | |
r-release-macos-arm64 | 0.0.4 | 60.00 | OK | |||
r-release-macos-x86_64 | 0.0.4 | 113.00 | OK | |||
r-release-windows-x86_64 | 0.0.4 | 41.00 | 143.00 | 184.00 | OK | |
r-oldrel-macos-arm64 | 0.0.4 | 61.00 | NOTE | |||
r-oldrel-macos-x86_64 | 0.0.4 | 104.00 | NOTE | |||
r-oldrel-windows-x86_64 | 0.0.4 | 48.00 | 205.00 | 253.00 | NOTE |
Version: 0.0.4
Check: package dependencies
Result: NOTE
Package suggested but not available for checking: ‘lixoftConnectors’
Flavors: r-oldrel-macos-arm64, r-oldrel-macos-x86_64, r-oldrel-windows-x86_64
Version: 0.0.4
Check: installed package size
Result: NOTE
installed size is 5.9Mb
sub-directories of 1Mb or more:
libs 3.7Mb
theo 1.1Mb
Flavors: r-oldrel-macos-arm64, r-oldrel-macos-x86_64