Last updated on 2025-11-06 21:49:59 CET.
| Flavor | Version | Tinstall | Tcheck | Ttotal | Status | Flags |
|---|---|---|---|---|---|---|
| r-devel-linux-x86_64-debian-clang | 1.0.4 | 168.20 | 166.44 | 334.64 | OK | |
| r-devel-linux-x86_64-debian-gcc | 1.0.4 | 115.04 | 107.95 | 222.99 | OK | |
| r-devel-linux-x86_64-fedora-clang | 1.0.4 | 1440.00 | -752.29 | 687.71 | OK | |
| r-devel-linux-x86_64-fedora-gcc | 1.0.4 | 1080.00 | -439.01 | 640.99 | OK | |
| r-devel-windows-x86_64 | 1.0.4 | 201.00 | 177.00 | 378.00 | OK | |
| r-patched-linux-x86_64 | 1.0.4 | 181.84 | 152.56 | 334.40 | OK | |
| r-release-linux-x86_64 | 1.0.4 | 179.75 | 153.57 | 333.32 | OK | |
| r-release-macos-arm64 | 1.0.4 | 76.00 | 89.00 | 165.00 | OK | |
| r-release-macos-x86_64 | 1.0.4 | 89.00 | 175.00 | 264.00 | OK | |
| r-release-windows-x86_64 | 1.0.4 | 207.00 | 172.00 | 379.00 | OK | |
| r-oldrel-macos-arm64 | 1.0.4 | 59.00 | 65.00 | 124.00 | NOTE | |
| r-oldrel-macos-x86_64 | 1.0.4 | 97.00 | 190.00 | 287.00 | NOTE | |
| r-oldrel-windows-x86_64 | 1.0.4 | 244.00 | 233.00 | 477.00 | OK |
Version: 1.0.4
Check: installed package size
Result: NOTE
installed size is 11.9Mb
sub-directories of 1Mb or more:
libs 10.8Mb
Flavors: r-oldrel-macos-arm64, r-oldrel-macos-x86_64