CRAN Package Check Results for Package modelDown

Last updated on 2025-07-25 19:49:48 CEST.

Flavor Version Tinstall Tcheck Ttotal Status Flags
r-devel-linux-x86_64-debian-clang 1.1 6.31 173.29 179.60 NOTE
r-devel-linux-x86_64-debian-gcc 1.1 4.37 121.88 126.25 NOTE
r-devel-linux-x86_64-fedora-clang 1.1 257.61 NOTE
r-devel-linux-x86_64-fedora-gcc 1.1 253.33 NOTE
r-devel-windows-x86_64 1.1 9.00 175.00 184.00 NOTE
r-patched-linux-x86_64 1.1 6.06 166.43 172.49 NOTE
r-release-linux-x86_64 1.1 5.97 165.68 171.65 NOTE
r-release-macos-arm64 1.1 77.00 NOTE
r-release-macos-x86_64 1.1 152.00 NOTE
r-release-windows-x86_64 1.1 9.00 175.00 184.00 NOTE
r-oldrel-macos-arm64 1.1 61.00 NOTE
r-oldrel-macos-x86_64 1.1 82.00 NOTE
r-oldrel-windows-x86_64 1.1 12.00 226.00 238.00 NOTE

Check Details

Version: 1.1
Check: Rd files
Result: NOTE checkRd: (-1) modelDown.Rd:28: Lost braces in \itemize; meant \describe ? checkRd: (-1) modelDown.Rd:29: Lost braces in \itemize; meant \describe ? checkRd: (-1) modelDown.Rd:30: Lost braces in \itemize; meant \describe ? checkRd: (-1) modelDown.Rd:31: Lost braces in \itemize; meant \describe ? Flavors: r-devel-linux-x86_64-debian-clang, r-devel-linux-x86_64-debian-gcc, r-devel-linux-x86_64-fedora-clang, r-devel-linux-x86_64-fedora-gcc, r-devel-windows-x86_64, r-patched-linux-x86_64, r-release-linux-x86_64, r-release-macos-arm64, r-release-macos-x86_64, r-release-windows-x86_64, r-oldrel-macos-arm64, r-oldrel-macos-x86_64, r-oldrel-windows-x86_64

Version: 1.1
Check: dependencies in R code
Result: NOTE Namespaces in Imports field not imported from: ‘DALEX’ ‘DT’ ‘auditor’ ‘breakDown’ ‘drifter’ ‘svglite’ All declared Imports should be used. Flavors: r-devel-linux-x86_64-fedora-clang, r-devel-linux-x86_64-fedora-gcc

Version: 1.1
Check: LazyData
Result: NOTE 'LazyData' is specified without a 'data' directory Flavors: r-oldrel-macos-arm64, r-oldrel-macos-x86_64, r-oldrel-windows-x86_64