Last updated on 2025-07-16 17:49:29 CEST.
Flavor | Version | Tinstall | Tcheck | Ttotal | Status | Flags |
---|---|---|---|---|---|---|
r-devel-linux-x86_64-debian-clang | 1.0.1 | 19.45 | 31.32 | 50.77 | NOTE | |
r-devel-linux-x86_64-debian-gcc | 1.0.1 | 13.24 | 24.69 | 37.93 | NOTE | |
r-devel-linux-x86_64-fedora-clang | 1.0.1 | 87.85 | OK | |||
r-devel-linux-x86_64-fedora-gcc | 1.0.1 | 79.77 | OK | |||
r-devel-windows-x86_64 | 1.0.1 | 23.00 | 69.00 | 92.00 | OK | |
r-patched-linux-x86_64 | 1.0.1 | 18.69 | 29.40 | 48.09 | OK | |
r-release-linux-x86_64 | 1.0.1 | 17.88 | 29.48 | 47.36 | OK | |
r-release-macos-arm64 | 1.0.1 | 29.00 | OK | |||
r-release-macos-x86_64 | 1.0.1 | 41.00 | OK | |||
r-release-windows-x86_64 | 1.0.1 | 24.00 | 83.00 | 107.00 | OK | |
r-oldrel-macos-arm64 | 1.0.1 | 30.00 | OK | |||
r-oldrel-macos-x86_64 | 1.0.1 | 36.00 | OK | |||
r-oldrel-windows-x86_64 | 1.0.1 | 25.00 | 88.00 | 113.00 | OK |
Version: 1.0.1
Check: CRAN incoming feasibility
Result: NOTE
Maintainer: ‘Sara Rejeb <sara.rejeb@live.fr>’
The Description field contains
<arXiv:2202.07963>.
Please refer to arXiv e-prints via their arXiv DOI <doi:10.48550/arXiv.YYMM.NNNNN>.
Flavors: r-devel-linux-x86_64-debian-clang, r-devel-linux-x86_64-debian-gcc