Last updated on 2025-07-16 05:49:28 CEST.
Flavor | Version | Tinstall | Tcheck | Ttotal | Status | Flags |
---|---|---|---|---|---|---|
r-devel-linux-x86_64-debian-clang | 0.1.0 | 8.44 | 83.98 | 92.42 | NOTE | |
r-devel-linux-x86_64-debian-gcc | 0.1.0 | 5.59 | 61.47 | 67.06 | NOTE | |
r-devel-linux-x86_64-fedora-clang | 0.1.0 | 140.94 | NOTE | |||
r-devel-linux-x86_64-fedora-gcc | 0.1.0 | 145.71 | NOTE | |||
r-devel-windows-x86_64 | 0.1.0 | 11.00 | 106.00 | 117.00 | NOTE | |
r-patched-linux-x86_64 | 0.1.0 | 8.12 | 76.63 | 84.75 | NOTE | |
r-release-linux-x86_64 | 0.1.0 | 7.84 | 76.80 | 84.64 | NOTE | |
r-release-macos-arm64 | 0.1.0 | 50.00 | NOTE | |||
r-release-macos-x86_64 | 0.1.0 | 92.00 | NOTE | |||
r-release-windows-x86_64 | 0.1.0 | 11.00 | 140.00 | 151.00 | NOTE | |
r-oldrel-macos-arm64 | 0.1.0 | 55.00 | OK | |||
r-oldrel-macos-x86_64 | 0.1.0 | 81.00 | OK | |||
r-oldrel-windows-x86_64 | 0.1.0 | 12.00 | 124.00 | 136.00 | OK |
Version: 0.1.0
Check: DESCRIPTION meta-information
Result: NOTE
Missing dependency on R >= 4.1.0 because package code uses the pipe
|> or function shorthand \(...) syntax added in R 4.1.0.
File(s) using such syntax:
‘convert_nest.Rd’ ‘nest_cv.R’ ‘top_perc.R’ ‘top_perc.Rd’
‘w2l_split.Rd’
Flavors: r-devel-linux-x86_64-debian-clang, r-devel-linux-x86_64-debian-gcc, r-devel-linux-x86_64-fedora-clang, r-devel-linux-x86_64-fedora-gcc, r-devel-windows-x86_64, r-patched-linux-x86_64, r-release-linux-x86_64, r-release-macos-arm64, r-release-windows-x86_64
Version: 0.1.0
Check: DESCRIPTION meta-information
Result: NOTE
Missing dependency on R >= 4.1.0 because package code uses the pipe
|> or function shorthand \(...) syntax added in R 4.1.0.
File(s) using such syntax:
‘nest_cv.R’ ‘top_perc.R’
Flavor: r-release-macos-x86_64