Last updated on 2025-07-15 17:50:13 CEST.
Flavor | Version | Tinstall | Tcheck | Ttotal | Status | Flags |
---|---|---|---|---|---|---|
r-devel-linux-x86_64-debian-clang | 1.0.1 | 13.02 | 19.80 | 32.82 | OK | |
r-devel-linux-x86_64-debian-gcc | 1.0.1 | 9.08 | 16.94 | 26.02 | OK | |
r-devel-linux-x86_64-fedora-clang | 1.0.1 | 59.71 | OK | |||
r-devel-linux-x86_64-fedora-gcc | 1.0.1 | 51.83 | OK | |||
r-devel-windows-x86_64 | 1.0.1 | 36.00 | 67.00 | 103.00 | OK | |
r-patched-linux-x86_64 | 1.0.1 | 12.05 | 18.78 | 30.83 | OK | |
r-release-linux-x86_64 | 1.0.1 | 12.13 | 18.79 | 30.92 | OK | |
r-release-macos-arm64 | 1.0.1 | 27.00 | OK | |||
r-release-macos-x86_64 | 1.0.1 | 42.00 | OK | |||
r-release-windows-x86_64 | 1.0.1 | 37.00 | 107.00 | 144.00 | OK | |
r-oldrel-macos-arm64 | 1.0.1 | 30.00 | NOTE | |||
r-oldrel-macos-x86_64 | 1.0.1 | 53.00 | NOTE | |||
r-oldrel-windows-x86_64 | 1.0.1 | 32.00 | 72.00 | 104.00 | NOTE |
Version: 1.0.1
Check: installed package size
Result: NOTE
installed size is 41.2Mb
sub-directories of 1Mb or more:
libs 1.4Mb
redengine 39.6Mb
Flavors: r-oldrel-macos-arm64, r-oldrel-macos-x86_64, r-oldrel-windows-x86_64