Last updated on 2025-07-17 11:50:38 CEST.
Flavor | Version | Tinstall | Tcheck | Ttotal | Status | Flags |
---|---|---|---|---|---|---|
r-devel-linux-x86_64-debian-clang | 1.5.10 | 24.49 | 32.60 | 57.09 | NOTE | |
r-devel-linux-x86_64-debian-gcc | 1.5.10 | 18.26 | 25.77 | 44.03 | NOTE | |
r-devel-linux-x86_64-fedora-clang | 1.5.10 | 97.87 | OK | |||
r-devel-linux-x86_64-fedora-gcc | 1.5.10 | 92.53 | OK | |||
r-devel-windows-x86_64 | 1.5.10 | 30.00 | 84.00 | 114.00 | OK | |
r-patched-linux-x86_64 | 1.5.10 | 24.34 | 30.22 | 54.56 | OK | |
r-release-linux-x86_64 | 1.5.10 | 25.75 | 29.88 | 55.63 | OK | |
r-release-macos-arm64 | 1.5.10 | 30.00 | OK | |||
r-release-macos-x86_64 | 1.5.10 | 46.00 | OK | |||
r-release-windows-x86_64 | 1.5.10 | 32.00 | 73.00 | 105.00 | OK | |
r-oldrel-macos-arm64 | 1.5.10 | 31.00 | OK | |||
r-oldrel-macos-x86_64 | 1.5.10 | 39.00 | OK | |||
r-oldrel-windows-x86_64 | 1.5.10 | 39.00 | 84.00 | 123.00 | OK |
Version: 1.5.10
Check: CRAN incoming feasibility
Result: NOTE
Maintainer: ‘Michele Filosi <michele.filosi@gmail.com>’
Package CITATION file contains call(s) to old-style personList() or
as.personList(). Please use c() on person objects instead.
Package CITATION file contains call(s) to old-style citEntry(). Please
use bibentry() instead.
Flavors: r-devel-linux-x86_64-debian-clang, r-devel-linux-x86_64-debian-gcc