Last updated on 2025-07-16 05:49:28 CEST.
Flavor | Version | Tinstall | Tcheck | Ttotal | Status | Flags |
---|---|---|---|---|---|---|
r-devel-linux-x86_64-debian-clang | 1.3.3 | 5.25 | 95.05 | 100.30 | OK | |
r-devel-linux-x86_64-debian-gcc | 1.3.3 | 4.37 | 61.78 | 66.15 | OK | |
r-devel-linux-x86_64-fedora-clang | 1.3.3 | 158.85 | OK | |||
r-devel-linux-x86_64-fedora-gcc | 1.3.3 | 166.46 | OK | |||
r-devel-windows-x86_64 | 1.3.3 | 7.00 | 109.00 | 116.00 | OK | |
r-patched-linux-x86_64 | 1.3.3 | 5.54 | 90.69 | 96.23 | OK | |
r-release-linux-x86_64 | 1.3.3 | 4.79 | 89.90 | 94.69 | OK | |
r-release-macos-arm64 | 1.3.3 | 63.00 | OK | |||
r-release-macos-x86_64 | 1.3.3 | 78.00 | OK | |||
r-release-windows-x86_64 | 1.3.3 | 7.00 | 113.00 | 120.00 | OK | |
r-oldrel-macos-arm64 | 1.3.3 | 42.00 | NOTE | |||
r-oldrel-macos-x86_64 | 1.3.3 | 100.00 | NOTE | |||
r-oldrel-windows-x86_64 | 1.3.3 | 9.00 | 134.00 | 143.00 | NOTE |
Version: 1.3.3
Check: LazyData
Result: NOTE
'LazyData' is specified without a 'data' directory
Flavors: r-oldrel-macos-arm64, r-oldrel-macos-x86_64, r-oldrel-windows-x86_64