Last updated on 2025-07-16 05:49:27 CEST.
Flavor | Version | Tinstall | Tcheck | Ttotal | Status | Flags |
---|---|---|---|---|---|---|
r-devel-linux-x86_64-debian-clang | 0.4.3 | 27.61 | 92.88 | 120.49 | NOTE | |
r-devel-linux-x86_64-debian-gcc | 0.4.3 | 19.28 | 66.76 | 86.04 | NOTE | |
r-devel-linux-x86_64-fedora-clang | 0.4.3 | 212.37 | OK | |||
r-devel-linux-x86_64-fedora-gcc | 0.4.3 | 182.93 | OK | |||
r-devel-windows-x86_64 | 0.4.3 | 35.00 | 111.00 | 146.00 | OK | |
r-patched-linux-x86_64 | 0.4.3 | 27.33 | 87.27 | 114.60 | OK | |
r-release-linux-x86_64 | 0.4.3 | 26.50 | 85.76 | 112.26 | OK | |
r-release-macos-arm64 | 0.4.3 | 48.00 | OK | |||
r-release-macos-x86_64 | 0.4.3 | 89.00 | OK | |||
r-release-windows-x86_64 | 0.4.3 | 31.00 | 122.00 | 153.00 | OK | |
r-oldrel-macos-arm64 | 0.4.3 | 49.00 | OK | |||
r-oldrel-macos-x86_64 | 0.4.3 | 76.00 | OK | |||
r-oldrel-windows-x86_64 | 0.4.3 | 42.00 | 143.00 | 185.00 | OK |
Version: 0.4.3
Check: CRAN incoming feasibility
Result: NOTE
Maintainer: ‘Karsten Donnay <kdonnay@gmx.net>’
No Authors@R field in DESCRIPTION.
Please add one, modifying
Authors@R: c(person(given = "Karsten",
family = "Donnay",
role = c("aut", "cre"),
email = "kdonnay@gmx.net"),
person(given = "Eric",
family = "Dunford",
role = "aut"))
as necessary.
Flavors: r-devel-linux-x86_64-debian-clang, r-devel-linux-x86_64-debian-gcc