Last updated on 2025-07-15 11:49:31 CEST.
Flavor | Version | Tinstall | Tcheck | Ttotal | Status | Flags |
---|---|---|---|---|---|---|
r-devel-linux-x86_64-debian-clang | 0.3-12 | 9.05 | 77.25 | 86.30 | OK | |
r-devel-linux-x86_64-debian-gcc | 0.3-12 | 5.65 | 57.48 | 63.13 | OK | |
r-devel-linux-x86_64-fedora-clang | 0.3-12 | 138.47 | OK | |||
r-devel-linux-x86_64-fedora-gcc | 0.3-12 | 126.40 | OK | |||
r-devel-windows-x86_64 | 0.3-12 | 10.00 | 90.00 | 100.00 | OK | |
r-patched-linux-x86_64 | 0.3-11 | 8.37 | 75.12 | 83.49 | NOTE | |
r-release-linux-x86_64 | 0.3-11 | 8.41 | 73.54 | 81.95 | NOTE | |
r-release-macos-arm64 | 0.3-11 | 42.00 | OK | |||
r-release-macos-x86_64 | 0.3-12 | 151.00 | OK | |||
r-release-windows-x86_64 | 0.3-12 | 10.00 | 107.00 | 117.00 | OK | |
r-oldrel-macos-arm64 | 0.3-11 | 43.00 | OK | |||
r-oldrel-macos-x86_64 | 0.3-12 | 116.00 | OK | |||
r-oldrel-windows-x86_64 | 0.3-12 | 15.00 | 110.00 | 125.00 | OK |
Version: 0.3-11
Check: Rd cross-references
Result: NOTE
Found the following Rd file(s) with Rd \link{} targets missing package
anchors:
Xtab.Rd: sparseMatrix
Please provide package anchors for all Rd \link{} targets not in the
package itself and the base packages.
Flavors: r-patched-linux-x86_64, r-release-linux-x86_64