Last updated on 2025-11-05 15:50:09 CET.
| Flavor | Version | Tinstall | Tcheck | Ttotal | Status | Flags |
|---|---|---|---|---|---|---|
| r-devel-linux-x86_64-debian-clang | 0.2.8 | 38.76 | 84.44 | 123.20 | OK | |
| r-devel-linux-x86_64-debian-gcc | 0.2.8 | 27.44 | 61.35 | 88.79 | OK | |
| r-devel-linux-x86_64-fedora-clang | 0.2.8 | 74.00 | 112.84 | 186.84 | OK | |
| r-devel-linux-x86_64-fedora-gcc | 0.2.8 | 77.00 | 105.75 | 182.75 | OK | |
| r-devel-windows-x86_64 | 0.2.8 | 38.00 | 102.00 | 140.00 | OK | |
| r-patched-linux-x86_64 | 0.2.8 | 39.36 | 79.17 | 118.53 | OK | |
| r-release-linux-x86_64 | 0.2.8 | 35.68 | 79.72 | 115.40 | OK | |
| r-release-macos-arm64 | 0.2.8 | 23.00 | 35.00 | 58.00 | OK | |
| r-release-macos-x86_64 | 0.2.8 | 43.00 | 71.00 | 114.00 | OK | |
| r-release-windows-x86_64 | 0.2.8 | 40.00 | 102.00 | 142.00 | OK | |
| r-oldrel-macos-arm64 | 0.2.8 | 27.00 | 41.00 | 68.00 | NOTE | |
| r-oldrel-macos-x86_64 | 0.2.8 | 80.00 | 114.00 | 194.00 | NOTE | |
| r-oldrel-windows-x86_64 | 0.2.8 | 55.00 | 124.00 | 179.00 | OK |
Version: 0.2.8
Check: installed package size
Result: NOTE
installed size is 5.4Mb
sub-directories of 1Mb or more:
data 5.1Mb
Flavors: r-oldrel-macos-arm64, r-oldrel-macos-x86_64