Last updated on 2025-07-24 12:51:29 CEST.
Flavor | Version | Tinstall | Tcheck | Ttotal | Status | Flags |
---|---|---|---|---|---|---|
r-devel-linux-x86_64-debian-clang | 0.10.0 | 124.99 | 237.92 | 362.91 | NOTE | |
r-devel-linux-x86_64-debian-gcc | 0.10.0 | 88.57 | 158.54 | 247.11 | NOTE | |
r-devel-linux-x86_64-fedora-clang | 0.10.0 | 606.42 | OK | |||
r-devel-linux-x86_64-fedora-gcc | 0.10.0 | 620.99 | OK | |||
r-devel-windows-x86_64 | 0.10.0 | 136.00 | 286.00 | 422.00 | OK | |
r-patched-linux-x86_64 | 0.10.0 | 123.87 | 222.82 | 346.69 | NOTE | |
r-release-linux-x86_64 | 0.10.0 | 128.03 | 224.60 | 352.63 | NOTE | |
r-release-macos-arm64 | 0.10.0 | 162.00 | OK | |||
r-release-macos-x86_64 | 0.10.0 | 243.00 | OK | |||
r-release-windows-x86_64 | 0.10.0 | 138.00 | 288.00 | 426.00 | OK | |
r-oldrel-macos-arm64 | 0.10.0 | 91.00 | NOTE | |||
r-oldrel-macos-x86_64 | 0.10.0 | 142.00 | NOTE | |||
r-oldrel-windows-x86_64 | 0.10.0 | 164.00 | 365.00 | 529.00 | NOTE |
Version: 0.10.0
Check: for unstated dependencies in ‘demo’
Result: NOTE
'library' or 'require' calls not declared from:
‘MCMCpack’ ‘matlab’ ‘microbenchmark’
Flavors: r-devel-linux-x86_64-debian-clang, r-devel-linux-x86_64-debian-gcc, r-patched-linux-x86_64, r-release-linux-x86_64
Version: 0.10.0
Check: installed package size
Result: NOTE
installed size is 10.9Mb
sub-directories of 1Mb or more:
libs 9.3Mb
Flavors: r-oldrel-macos-arm64, r-oldrel-macos-x86_64
Version: 0.10.0
Check: for GNU extensions in Makefiles
Result: NOTE
GNU make is a SystemRequirements.
Flavors: r-oldrel-macos-arm64, r-oldrel-macos-x86_64, r-oldrel-windows-x86_64