Last updated on 2025-07-27 01:48:26 CEST.
Flavor | Version | Tinstall | Tcheck | Ttotal | Status | Flags |
---|---|---|---|---|---|---|
r-devel-linux-x86_64-debian-clang | 0.4.0 | 37.84 | 307.05 | 344.89 | OK | |
r-devel-linux-x86_64-debian-gcc | 0.4.0 | 24.94 | 196.35 | 221.29 | OK | |
r-devel-linux-x86_64-fedora-clang | 0.4.0 | 541.09 | OK | |||
r-devel-linux-x86_64-fedora-gcc | 0.4.0 | 535.72 | OK | |||
r-devel-windows-x86_64 | 0.4.0 | 37.00 | 251.00 | 288.00 | OK | |
r-patched-linux-x86_64 | 0.4.0 | 35.47 | 294.99 | 330.46 | OK | |
r-release-linux-x86_64 | 0.4.0 | 37.06 | 290.63 | 327.69 | OK | |
r-release-macos-arm64 | 0.4.0 | 118.00 | OK | |||
r-release-macos-x86_64 | 0.4.0 | 277.00 | OK | |||
r-release-windows-x86_64 | 0.4.0 | 38.00 | 251.00 | 289.00 | OK | |
r-oldrel-macos-arm64 | 0.4.0 | 111.00 | NOTE | |||
r-oldrel-macos-x86_64 | 0.4.0 | 210.00 | NOTE | |||
r-oldrel-windows-x86_64 | 0.4.0 | 52.00 | 339.00 | 391.00 | NOTE |
Version: 0.4.0
Check: package dependencies
Result: NOTE
Package suggested but not available for checking: ‘rnaturalearthhires’
Flavors: r-oldrel-macos-arm64, r-oldrel-macos-x86_64, r-oldrel-windows-x86_64