CRAN Package Check Results for Package lognorm

Last updated on 2025-07-16 05:49:27 CEST.

Flavor Version Tinstall Tcheck Ttotal Status Flags
r-devel-linux-x86_64-debian-clang 0.1.10 5.93 82.86 88.79 NOTE
r-devel-linux-x86_64-debian-gcc 0.1.10 4.91 61.89 66.80 NOTE
r-devel-linux-x86_64-fedora-clang 0.1.10 136.85 OK
r-devel-linux-x86_64-fedora-gcc 0.1.10 145.03 OK
r-devel-windows-x86_64 0.1.10 7.00 90.00 97.00 OK
r-patched-linux-x86_64 0.1.10 6.04 79.71 85.75 OK
r-release-linux-x86_64 0.1.10 5.22 78.74 83.96 OK
r-release-macos-arm64 0.1.10 67.00 OK
r-release-macos-x86_64 0.1.10 94.00 OK
r-release-windows-x86_64 0.1.10 8.00 107.00 115.00 OK
r-oldrel-macos-arm64 0.1.10 47.00 OK
r-oldrel-macos-x86_64 0.1.10 76.00 OK
r-oldrel-windows-x86_64 0.1.10 10.00 114.00 124.00 OK

Check Details

Version: 0.1.10
Check: CRAN incoming feasibility
Result: NOTE Maintainer: ‘Thomas Wutzler <twutz@bgc-jena.mpg.de>’ No Authors@R field in DESCRIPTION. Please add one, modifying Authors@R: person(given = "Thomas", family = "Wutzler", role = c("aut", "cre"), email = "twutz@bgc-jena.mpg.de") as necessary. Flavors: r-devel-linux-x86_64-debian-clang, r-devel-linux-x86_64-debian-gcc