CRAN Package Check Results for Package loadeR

Last updated on 2025-07-16 17:49:28 CEST.

Flavor Version Tinstall Tcheck Ttotal Status Flags
r-devel-linux-x86_64-debian-clang 1.3.0 17.17 126.50 143.67 NOTE
r-devel-linux-x86_64-debian-gcc 1.3.0 12.43 87.97 100.40 NOTE
r-devel-linux-x86_64-fedora-clang 1.3.0 213.24 NOTE
r-devel-linux-x86_64-fedora-gcc 1.3.0 202.86 NOTE
r-devel-windows-x86_64 1.3.0 17.00 123.00 140.00 NOTE
r-patched-linux-x86_64 1.3.0 15.62 114.31 129.93 NOTE
r-release-linux-x86_64 1.3.0 14.55 114.43 128.98 NOTE
r-release-macos-arm64 1.3.0 63.00 NOTE
r-release-macos-x86_64 1.3.0 115.00 NOTE
r-release-windows-x86_64 1.3.0 19.00 134.00 153.00 NOTE
r-oldrel-macos-arm64 1.3.0 55.00 OK
r-oldrel-macos-x86_64 1.3.0 95.00 OK
r-oldrel-windows-x86_64 1.3.0 23.00 158.00 181.00 OK

Check Details

Version: 1.3.0
Check: DESCRIPTION meta-information
Result: NOTE Missing dependency on R >= 4.1.0 because package code uses the pipe |> or function shorthand \(...) syntax added in R 4.1.0. File(s) using such syntax: ‘mod_carga_datos.R’ ‘mod_correlacion_utils.R’ ‘mod_dispersion.R’ ‘mod_distribuciones.R’ ‘mod_distribuciones_fct.R’ ‘mod_distribuciones_utils.R’ ‘mod_normal_utils.R’ Flavors: r-devel-linux-x86_64-debian-clang, r-devel-linux-x86_64-debian-gcc, r-devel-linux-x86_64-fedora-clang, r-devel-linux-x86_64-fedora-gcc, r-devel-windows-x86_64, r-patched-linux-x86_64, r-release-linux-x86_64, r-release-macos-arm64, r-release-macos-x86_64, r-release-windows-x86_64