Last updated on 2025-07-16 17:49:27 CEST.
Flavor | Version | Tinstall | Tcheck | Ttotal | Status | Flags |
---|---|---|---|---|---|---|
r-devel-linux-x86_64-debian-clang | 1.5-9 | 13.94 | 65.86 | 79.80 | NOTE | --no-vignettes |
r-devel-linux-x86_64-debian-gcc | 1.5-9 | 10.07 | 48.31 | 58.38 | NOTE | --no-vignettes |
r-devel-linux-x86_64-fedora-clang | 1.5-9 | 122.19 | OK | --no-vignettes | ||
r-devel-linux-x86_64-fedora-gcc | 1.5-9 | 126.36 | OK | --no-vignettes | ||
r-devel-windows-x86_64 | 1.5-9 | 23.00 | 101.00 | 124.00 | OK | --no-vignettes |
r-patched-linux-x86_64 | 1.5-9 | 16.26 | 64.92 | 81.18 | OK | --no-vignettes |
r-release-linux-x86_64 | 1.5-9 | 13.85 | 65.37 | 79.22 | OK | --no-vignettes |
r-release-macos-arm64 | 1.5-9 | 48.00 | OK | --no-vignettes | ||
r-release-macos-x86_64 | 1.5-9 | 90.00 | OK | --no-vignettes | ||
r-release-windows-x86_64 | 1.5-9 | 23.00 | 106.00 | 129.00 | OK | --no-vignettes |
r-oldrel-macos-arm64 | 1.5-9 | 44.00 | OK | --no-vignettes | ||
r-oldrel-macos-x86_64 | 1.5-9 | 60.00 | OK | --no-vignettes | ||
r-oldrel-windows-x86_64 | 1.5-9 | 27.00 | 119.00 | 146.00 | OK | --no-vignettes |
Version: 1.5-9
Flags: --no-vignettes
Check: CRAN incoming feasibility
Result: NOTE
Maintainer: ‘Robert B. Gramacy <rbg@vt.edu>’
No Authors@R field in DESCRIPTION.
Please add one, modifying
Authors@R: c(person(given = c("Robert", "B."),
family = "Gramacy",
role = c("aut", "cre"),
email = "rbg@vt.edu"),
person(given = "Furong",
family = "Sun",
role = "aut",
email = "furongs@vt.edu"))
as necessary.
Flavors: r-devel-linux-x86_64-debian-clang, r-devel-linux-x86_64-debian-gcc