Last updated on 2025-07-18 19:50:18 CEST.
Flavor | Version | Tinstall | Tcheck | Ttotal | Status | Flags |
---|---|---|---|---|---|---|
r-devel-linux-x86_64-debian-clang | 0.1.0 | 10.50 | 102.48 | 112.98 | OK | |
r-devel-linux-x86_64-debian-gcc | 0.1.0 | 6.25 | 72.97 | 79.22 | OK | |
r-devel-linux-x86_64-fedora-clang | 0.1.0 | 175.85 | OK | |||
r-devel-linux-x86_64-fedora-gcc | 0.1.0 | 176.10 | OK | |||
r-devel-windows-x86_64 | 0.1.0 | 13.00 | 115.00 | 128.00 | OK | |
r-patched-linux-x86_64 | 0.1.0 | 10.11 | 96.97 | 107.08 | OK | |
r-release-linux-x86_64 | 0.1.0 | 9.32 | 95.24 | 104.56 | OK | |
r-release-macos-arm64 | 0.1.0 | 51.00 | OK | |||
r-release-macos-x86_64 | 0.1.0 | 127.00 | OK | |||
r-release-windows-x86_64 | 0.1.0 | 10.00 | 114.00 | 124.00 | OK | |
r-oldrel-macos-arm64 | 0.1.0 | 52.00 | NOTE | |||
r-oldrel-macos-x86_64 | 0.1.0 | 77.00 | NOTE | |||
r-oldrel-windows-x86_64 | 0.1.0 | 15.00 | 139.00 | 154.00 | NOTE |
Version: 0.1.0
Check: package dependencies
Result: NOTE
Package suggested but not available for checking: ‘RGeostats’
Flavors: r-oldrel-macos-arm64, r-oldrel-macos-x86_64, r-oldrel-windows-x86_64