CRAN Package Check Results for Package kgschart

Last updated on 2025-07-24 06:49:30 CEST.

Flavor Version Tinstall Tcheck Ttotal Status Flags
r-devel-linux-x86_64-debian-clang 1.3.5 2.46 34.89 37.35 OK
r-devel-linux-x86_64-debian-gcc 1.3.5 2.04 28.15 30.19 OK
r-devel-linux-x86_64-fedora-clang 1.3.5 55.34 OK
r-devel-linux-x86_64-fedora-gcc 1.3.5 58.78 OK
r-devel-windows-x86_64 1.3.5 5.00 58.00 63.00 OK
r-patched-linux-x86_64 1.3.5 2.32 32.68 35.00 OK
r-release-linux-x86_64 1.3.5 2.45 33.26 35.71 OK
r-release-macos-arm64 1.3.5 34.00 OK
r-release-macos-x86_64 1.3.5 39.00 OK
r-release-windows-x86_64 1.3.5 6.00 61.00 67.00 OK
r-oldrel-macos-arm64 1.3.5 23.00 NOTE
r-oldrel-macos-x86_64 1.3.5 33.00 NOTE
r-oldrel-windows-x86_64 1.3.5 6.00 65.00 71.00 NOTE

Check Details

Version: 1.3.5
Check: LazyData
Result: NOTE 'LazyData' is specified without a 'data' directory Flavors: r-oldrel-macos-arm64, r-oldrel-macos-x86_64, r-oldrel-windows-x86_64