CRAN Package Check Results for Package kernelboot

Last updated on 2025-07-25 19:49:45 CEST.

Flavor Version Tinstall Tcheck Ttotal Status Flags
r-devel-linux-x86_64-debian-clang 0.1.10 18.96 44.77 63.73 NOTE
r-devel-linux-x86_64-debian-gcc 0.1.10 13.65 32.55 46.20 NOTE
r-devel-linux-x86_64-fedora-clang 0.1.10 111.43 OK
r-devel-linux-x86_64-fedora-gcc 0.1.10 106.73 OK
r-devel-windows-x86_64 0.1.10 25.00 85.00 110.00 OK
r-patched-linux-x86_64 0.1.10 19.06 42.28 61.34 OK
r-release-linux-x86_64 0.1.10 18.47 42.68 61.15 OK
r-release-macos-arm64 0.1.10 35.00 OK
r-release-macos-x86_64 0.1.10 60.00 OK
r-release-windows-x86_64 0.1.10 26.00 97.00 123.00 OK
r-oldrel-macos-arm64 0.1.10 33.00 OK
r-oldrel-macos-x86_64 0.1.10 43.00 OK
r-oldrel-windows-x86_64 0.1.10 29.00 103.00 132.00 OK

Check Details

Version: 0.1.10
Check: CRAN incoming feasibility
Result: NOTE Maintainer: ‘Tymoteusz Wolodzko <twolodzko+kernelboot@gmail.com>’ No Authors@R field in DESCRIPTION. Please add one, modifying Authors@R: person(given = "Tymoteusz", family = "Wolodzko", role = c("aut", "cre"), email = "twolodzko+kernelboot@gmail.com") as necessary. Flavors: r-devel-linux-x86_64-debian-clang, r-devel-linux-x86_64-debian-gcc