Last updated on 2025-07-16 05:49:26 CEST.
Flavor | Version | Tinstall | Tcheck | Ttotal | Status | Flags |
---|---|---|---|---|---|---|
r-devel-linux-x86_64-debian-clang | 0.6.1-4 | 128.98 | 52.29 | 181.27 | OK | |
r-devel-linux-x86_64-debian-gcc | 0.6.1-4 | 105.97 | 40.02 | 145.99 | OK | |
r-devel-linux-x86_64-fedora-clang | 0.6.1-4 | 275.20 | OK | |||
r-devel-linux-x86_64-fedora-gcc | 0.6.1-4 | 379.49 | OK | |||
r-devel-windows-x86_64 | 0.6.1-4 | 122.00 | 96.00 | 218.00 | OK | |
r-patched-linux-x86_64 | 0.6.1-4 | 155.45 | 49.81 | 205.26 | OK | |
r-release-linux-x86_64 | 0.6.1-4 | 151.57 | 49.83 | 201.40 | OK | |
r-release-macos-arm64 | 0.6.1-4 | 74.00 | OK | |||
r-release-macos-x86_64 | 0.6.1-4 | 130.00 | OK | |||
r-release-windows-x86_64 | 0.6.1-4 | 122.00 | 100.00 | 222.00 | OK | |
r-oldrel-macos-arm64 | 0.6.1-4 | 70.00 | NOTE | |||
r-oldrel-macos-x86_64 | 0.6.1-4 | 211.00 | NOTE | |||
r-oldrel-windows-x86_64 | 0.6.1-4 | 118.00 | 117.00 | 235.00 | OK |
Version: 0.6.1-4
Check: installed package size
Result: NOTE
installed size is 15.5Mb
sub-directories of 1Mb or more:
doc 1.6Mb
libs 13.6Mb
Flavors: r-oldrel-macos-arm64, r-oldrel-macos-x86_64