Last updated on 2025-07-27 01:48:24 CEST.
Flavor | Version | Tinstall | Tcheck | Ttotal | Status | Flags |
---|---|---|---|---|---|---|
r-devel-linux-x86_64-debian-clang | 1.5-10 | 15.83 | 205.72 | 221.55 | WARN | |
r-devel-linux-x86_64-debian-gcc | 1.5-10 | 10.84 | 142.19 | 153.03 | WARN | |
r-devel-linux-x86_64-fedora-clang | 1.5-10 | 177.26 | WARN | |||
r-devel-linux-x86_64-fedora-gcc | 1.5-10 | 319.30 | WARN | |||
r-devel-windows-x86_64 | 1.5-10 | 18.00 | 198.00 | 216.00 | WARN | |
r-patched-linux-x86_64 | 1.5-10 | 12.99 | 194.67 | 207.66 | WARN | |
r-release-linux-x86_64 | 1.5-10 | 15.31 | 194.66 | 209.97 | WARN | |
r-release-macos-arm64 | 1.5-10 | 91.00 | OK | |||
r-release-macos-x86_64 | 1.5-10 | 194.00 | OK | |||
r-release-windows-x86_64 | 1.5-10 | 15.00 | 193.00 | 208.00 | WARN | |
r-oldrel-macos-arm64 | 1.5-10 | 105.00 | OK | |||
r-oldrel-macos-x86_64 | 1.5-10 | 196.00 | OK | |||
r-oldrel-windows-x86_64 | 1.5-10 | 22.00 | 262.00 | 284.00 | WARN |
Version: 1.5-10
Check: for unstated dependencies in ‘tests’
Result: WARN
'library' or 'require' call not declared from: ‘psgp’
Flavors: r-devel-linux-x86_64-debian-clang, r-devel-linux-x86_64-debian-gcc, r-devel-linux-x86_64-fedora-clang, r-devel-linux-x86_64-fedora-gcc, r-devel-windows-x86_64, r-patched-linux-x86_64, r-release-linux-x86_64, r-release-windows-x86_64, r-oldrel-windows-x86_64