Last updated on 2025-07-14 16:48:28 CEST.
Flavor | Version | Tinstall | Tcheck | Ttotal | Status | Flags |
---|---|---|---|---|---|---|
r-devel-linux-x86_64-debian-clang | 1.2.7 | 52.24 | 253.05 | 305.29 | OK | |
r-devel-linux-x86_64-debian-gcc | 1.2.7 | 36.78 | 151.47 | 188.25 | ERROR | |
r-devel-linux-x86_64-fedora-clang | 1.2.7 | 350.49 | ERROR | |||
r-devel-linux-x86_64-fedora-gcc | 1.2.7 | 345.91 | ERROR | |||
r-devel-windows-x86_64 | 1.2.7 | 51.00 | 238.00 | 289.00 | OK | |
r-patched-linux-x86_64 | 1.2.7 | 53.15 | 241.81 | 294.96 | OK | |
r-release-linux-x86_64 | 1.2.7 | 53.51 | 237.94 | 291.45 | OK | |
r-release-macos-arm64 | 1.2.7 | 147.00 | OK | |||
r-release-macos-x86_64 | 1.2.7 | 308.00 | OK | |||
r-release-windows-x86_64 | 1.2.7 | 51.00 | 246.00 | 297.00 | OK | |
r-oldrel-macos-arm64 | 1.2.7 | 141.00 | NOTE | |||
r-oldrel-macos-x86_64 | 1.2.7 | 248.00 | NOTE | |||
r-oldrel-windows-x86_64 | 1.2.7 | 68.00 | 310.00 | 378.00 | NOTE |
Version: 1.2.7
Check: tests
Result: ERROR
Running ‘tinytest.R’ [11s/13s]
Running the tests in ‘tests/tinytest.R’ failed.
Complete output:
> if (requireNamespace("tinytest", quietly = TRUE)) {
+ Sys.setenv(R_TESTS = "")
+ tinytest::test_package("inldata")
+ }
test_data.R................... 0 tests
test_data.R................... 0 tests
test_data.R................... 0 tests
test_data.R................... 0 tests
test_data.R................... 0 tests
test_data.R................... 0 tests
test_data.R................... 0 tests
test_data.R................... 0 tests
test_data.R................... 1 tests <1b>[0;32mOK<1b>[0m
test_data.R................... 2 tests <1b>[0;32mOK<1b>[0m
test_data.R................... 3 tests <1b>[0;32mOK<1b>[0m
test_data.R................... 3 tests <1b>[0;32mOK<1b>[0m
test_data.R................... 3 tests <1b>[0;32mOK<1b>[0m
test_data.R................... 3 tests <1b>[0;32mOK<1b>[0m
test_data.R................... 3 tests <1b>[0;32mOK<1b>[0m
test_data.R................... 3 tests <1b>[0;32mOK<1b>[0m
test_data.R................... 4 tests <1b>[0;32mOK<1b>[0m
test_data.R................... 5 tests <1b>[0;32mOK<1b>[0m
test_data.R................... 6 tests <1b>[0;32mOK<1b>[0m
test_data.R................... 6 tests <1b>[0;32mOK<1b>[0m
test_data.R................... 6 tests <1b>[0;32mOK<1b>[0m
test_data.R................... 6 tests <1b>[0;32mOK<1b>[0m
test_data.R................... 6 tests <1b>[0;32mOK<1b>[0m
test_data.R................... 7 tests <1b>[0;32mOK<1b>[0m
test_data.R................... 8 tests <1b>[0;32mOK<1b>[0m
test_data.R................... 9 tests <1b>[0;32mOK<1b>[0m
test_data.R................... 10 tests <1b>[0;32mOK<1b>[0m
test_data.R................... 10 tests <1b>[0;32mOK<1b>[0m
test_data.R................... 10 tests <1b>[0;32mOK<1b>[0m
test_data.R................... 10 tests <1b>[0;32mOK<1b>[0m
test_data.R................... 10 tests <1b>[0;32mOK<1b>[0m
test_data.R................... 11 tests <1b>[0;32mOK<1b>[0m
test_data.R................... 12 tests <1b>[0;32mOK<1b>[0m
test_data.R................... 13 tests <1b>[0;32mOK<1b>[0m
test_data.R................... 14 tests <1b>[0;32mOK<1b>[0m
test_data.R................... 14 tests <1b>[0;32mOK<1b>[0m
test_data.R................... 14 tests <1b>[0;32mOK<1b>[0m
test_data.R................... 15 tests <1b>[0;32mOK<1b>[0m <1b>[0;34m1.4s<1b>[0m
test_functions.R.............. 0 tests
test_functions.R.............. 0 tests
test_functions.R.............. 0 tests
test_functions.R.............. 0 tests
test_functions.R.............. 1 tests <1b>[0;32mOK<1b>[0m
test_functions.R.............. 1 tests <1b>[0;32mOK<1b>[0m
test_functions.R.............. 2 tests <1b>[0;32mOK<1b>[0m
test_functions.R.............. 2 tests <1b>[0;32mOK<1b>[0m
test_functions.R.............. 2 tests <1b>[0;32mOK<1b>[0m
test_functions.R.............. 3 tests <1b>[0;32mOK<1b>[0m
test_functions.R.............. 3 tests <1b>[0;32mOK<1b>[0m
test_functions.R.............. 4 tests <1b>[0;32mOK<1b>[0m
test_functions.R.............. 4 tests <1b>[0;32mOK<1b>[0m
test_functions.R.............. 4 tests <1b>[0;32mOK<1b>[0m
test_functions.R.............. 4 tests <1b>[0;32mOK<1b>[0m
test_functions.R.............. 4 tests <1b>[0;32mOK<1b>[0m
test_functions.R.............. 4 tests <1b>[0;32mOK<1b>[0m
test_functions.R.............. 5 tests <1b>[0;32mOK<1b>[0m
test_functions.R.............. 5 tests <1b>[0;32mOK<1b>[0m
test_functions.R.............. 6 tests <1b>[0;32mOK<1b>[0m
test_functions.R.............. 7 tests <1b>[0;32mOK<1b>[0m
test_functions.R.............. 7 tests <1b>[0;32mOK<1b>[0m
test_functions.R.............. 7 tests <1b>[0;32mOK<1b>[0m
test_functions.R.............. 8 tests <1b>[0;32mOK<1b>[0m
test_functions.R.............. 9 tests <1b>[0;32mOK<1b>[0m Assertion on 'https://fail/on/bad/url/' failed: hard error with no response.
test_functions.R.............. 10 tests <1b>[0;32mOK<1b>[0m Assertion on 'https://anyapi.io/api/v1/exchange/rates?base=NAN&apiKey=123' failed: responded but without an HTTP status code in the 200-299 range.
test_functions.R.............. 11 tests <1b>[0;32mOK<1b>[0m <1b>[0;34m6.7s<1b>[0m
test_make_datasets.R.......... 0 tests
test_make_datasets.R.......... 0 tests
test_make_datasets.R.......... 0 tests
test_make_datasets.R.......... 0 tests TIMESTAMP: 2025-07-13 16:25:28 CEST
test_make_datasets.R.......... 1 tests <1b>[0;31m1 fails<1b>[0m
test_make_datasets.R.......... 1 tests <1b>[0;31m1 fails<1b>[0m
test_make_datasets.R.......... 1 tests <1b>[0;31m1 fails<1b>[0m
test_make_datasets.R.......... 1 tests <1b>[0;31m1 fails<1b>[0m Error in loadNamespace(x) : there is no package called 'dataRetrieval'
Calls: <Anonymous> ... loadNamespace -> withRestarts -> withOneRestart -> doWithOneRestart
Execution halted
Flavor: r-devel-linux-x86_64-debian-gcc
Version: 1.2.7
Check: tests
Result: ERROR
Running ‘tinytest.R’ [21s/32s]
Running the tests in ‘tests/tinytest.R’ failed.
Complete output:
> if (requireNamespace("tinytest", quietly = TRUE)) {
+ Sys.setenv(R_TESTS = "")
+ tinytest::test_package("inldata")
+ }
test_data.R................... 0 tests
test_data.R................... 0 tests
test_data.R................... 0 tests
test_data.R................... 0 tests
test_data.R................... 0 tests
test_data.R................... 0 tests
test_data.R................... 0 tests
test_data.R................... 0 tests
test_data.R................... 1 tests <1b>[0;32mOK<1b>[0m
test_data.R................... 2 tests <1b>[0;32mOK<1b>[0m
test_data.R................... 3 tests <1b>[0;32mOK<1b>[0m
test_data.R................... 3 tests <1b>[0;32mOK<1b>[0m
test_data.R................... 3 tests <1b>[0;32mOK<1b>[0m
test_data.R................... 3 tests <1b>[0;32mOK<1b>[0m
test_data.R................... 3 tests <1b>[0;32mOK<1b>[0m
test_data.R................... 3 tests <1b>[0;32mOK<1b>[0m
test_data.R................... 4 tests <1b>[0;32mOK<1b>[0m
test_data.R................... 5 tests <1b>[0;32mOK<1b>[0m
test_data.R................... 6 tests <1b>[0;32mOK<1b>[0m
test_data.R................... 6 tests <1b>[0;32mOK<1b>[0m
test_data.R................... 6 tests <1b>[0;32mOK<1b>[0m
test_data.R................... 6 tests <1b>[0;32mOK<1b>[0m
test_data.R................... 6 tests <1b>[0;32mOK<1b>[0m
test_data.R................... 7 tests <1b>[0;32mOK<1b>[0m
test_data.R................... 8 tests <1b>[0;32mOK<1b>[0m
test_data.R................... 9 tests <1b>[0;32mOK<1b>[0m
test_data.R................... 10 tests <1b>[0;32mOK<1b>[0m
test_data.R................... 10 tests <1b>[0;32mOK<1b>[0m
test_data.R................... 10 tests <1b>[0;32mOK<1b>[0m
test_data.R................... 10 tests <1b>[0;32mOK<1b>[0m
test_data.R................... 10 tests <1b>[0;32mOK<1b>[0m
test_data.R................... 11 tests <1b>[0;32mOK<1b>[0m
test_data.R................... 12 tests <1b>[0;32mOK<1b>[0m
test_data.R................... 13 tests <1b>[0;32mOK<1b>[0m
test_data.R................... 14 tests <1b>[0;32mOK<1b>[0m
test_data.R................... 14 tests <1b>[0;32mOK<1b>[0m
test_data.R................... 14 tests <1b>[0;32mOK<1b>[0m
test_data.R................... 15 tests <1b>[0;32mOK<1b>[0m <1b>[0;34m2.2s<1b>[0m
test_functions.R.............. 0 tests
test_functions.R.............. 0 tests
test_functions.R.............. 0 tests
test_functions.R.............. 0 tests
test_functions.R.............. 1 tests <1b>[0;32mOK<1b>[0m
test_functions.R.............. 1 tests <1b>[0;32mOK<1b>[0m
test_functions.R.............. 2 tests <1b>[0;32mOK<1b>[0m
test_functions.R.............. 2 tests <1b>[0;32mOK<1b>[0m
test_functions.R.............. 2 tests <1b>[0;32mOK<1b>[0m
test_functions.R.............. 3 tests <1b>[0;32mOK<1b>[0m
test_functions.R.............. 3 tests <1b>[0;32mOK<1b>[0m
test_functions.R.............. 4 tests <1b>[0;32mOK<1b>[0m
test_functions.R.............. 4 tests <1b>[0;32mOK<1b>[0m
test_functions.R.............. 4 tests <1b>[0;32mOK<1b>[0m
test_functions.R.............. 4 tests <1b>[0;32mOK<1b>[0m
test_functions.R.............. 4 tests <1b>[0;32mOK<1b>[0m
test_functions.R.............. 4 tests <1b>[0;32mOK<1b>[0m
test_functions.R.............. 5 tests <1b>[0;32mOK<1b>[0m
test_functions.R.............. 5 tests <1b>[0;32mOK<1b>[0m
test_functions.R.............. 6 tests <1b>[0;32mOK<1b>[0m
test_functions.R.............. 7 tests <1b>[0;32mOK<1b>[0m
test_functions.R.............. 7 tests <1b>[0;32mOK<1b>[0m
test_functions.R.............. 7 tests <1b>[0;32mOK<1b>[0m
test_functions.R.............. 8 tests <1b>[0;32mOK<1b>[0m
test_functions.R.............. 9 tests <1b>[0;32mOK<1b>[0m Assertion on 'https://fail/on/bad/url/' failed: hard error with no response.
test_functions.R.............. 10 tests <1b>[0;32mOK<1b>[0m Assertion on 'https://anyapi.io/api/v1/exchange/rates?base=NAN&apiKey=123' failed: responded but without an HTTP status code in the 200-299 range.
test_functions.R.............. 11 tests <1b>[0;32mOK<1b>[0m <1b>[0;34m19.4s<1b>[0m
test_make_datasets.R.......... 0 tests
test_make_datasets.R.......... 0 tests
test_make_datasets.R.......... 0 tests
test_make_datasets.R.......... 0 tests TIMESTAMP: 2025-07-14 09:05:18 BST
test_make_datasets.R.......... 1 tests <1b>[0;31m1 fails<1b>[0m
test_make_datasets.R.......... 1 tests <1b>[0;31m1 fails<1b>[0m
test_make_datasets.R.......... 1 tests <1b>[0;31m1 fails<1b>[0m
test_make_datasets.R.......... 1 tests <1b>[0;31m1 fails<1b>[0m Error in loadNamespace(x) : there is no package called 'dataRetrieval'
Calls: <Anonymous> ... loadNamespace -> withRestarts -> withOneRestart -> doWithOneRestart
Execution halted
Flavor: r-devel-linux-x86_64-fedora-clang
Version: 1.2.7
Check: tests
Result: ERROR
Running ‘tinytest.R’ [22s/32s]
Running the tests in ‘tests/tinytest.R’ failed.
Complete output:
> if (requireNamespace("tinytest", quietly = TRUE)) {
+ Sys.setenv(R_TESTS = "")
+ tinytest::test_package("inldata")
+ }
test_data.R................... 0 tests
test_data.R................... 0 tests
test_data.R................... 0 tests
test_data.R................... 0 tests
test_data.R................... 0 tests
test_data.R................... 0 tests
test_data.R................... 0 tests
test_data.R................... 0 tests
test_data.R................... 1 tests <1b>[0;32mOK<1b>[0m
test_data.R................... 2 tests <1b>[0;32mOK<1b>[0m
test_data.R................... 3 tests <1b>[0;32mOK<1b>[0m
test_data.R................... 3 tests <1b>[0;32mOK<1b>[0m
test_data.R................... 3 tests <1b>[0;32mOK<1b>[0m
test_data.R................... 3 tests <1b>[0;32mOK<1b>[0m
test_data.R................... 3 tests <1b>[0;32mOK<1b>[0m
test_data.R................... 3 tests <1b>[0;32mOK<1b>[0m
test_data.R................... 4 tests <1b>[0;32mOK<1b>[0m
test_data.R................... 5 tests <1b>[0;32mOK<1b>[0m
test_data.R................... 6 tests <1b>[0;32mOK<1b>[0m
test_data.R................... 6 tests <1b>[0;32mOK<1b>[0m
test_data.R................... 6 tests <1b>[0;32mOK<1b>[0m
test_data.R................... 6 tests <1b>[0;32mOK<1b>[0m
test_data.R................... 6 tests <1b>[0;32mOK<1b>[0m
test_data.R................... 7 tests <1b>[0;32mOK<1b>[0m
test_data.R................... 8 tests <1b>[0;32mOK<1b>[0m
test_data.R................... 9 tests <1b>[0;32mOK<1b>[0m
test_data.R................... 10 tests <1b>[0;32mOK<1b>[0m
test_data.R................... 10 tests <1b>[0;32mOK<1b>[0m
test_data.R................... 10 tests <1b>[0;32mOK<1b>[0m
test_data.R................... 10 tests <1b>[0;32mOK<1b>[0m
test_data.R................... 10 tests <1b>[0;32mOK<1b>[0m
test_data.R................... 11 tests <1b>[0;32mOK<1b>[0m
test_data.R................... 12 tests <1b>[0;32mOK<1b>[0m
test_data.R................... 13 tests <1b>[0;32mOK<1b>[0m
test_data.R................... 14 tests <1b>[0;32mOK<1b>[0m
test_data.R................... 14 tests <1b>[0;32mOK<1b>[0m
test_data.R................... 14 tests <1b>[0;32mOK<1b>[0m
test_data.R................... 15 tests <1b>[0;32mOK<1b>[0m <1b>[0;34m2.6s<1b>[0m
test_functions.R.............. 0 tests
test_functions.R.............. 0 tests
test_functions.R.............. 0 tests
test_functions.R.............. 0 tests
test_functions.R.............. 1 tests <1b>[0;32mOK<1b>[0m
test_functions.R.............. 1 tests <1b>[0;32mOK<1b>[0m
test_functions.R.............. 2 tests <1b>[0;32mOK<1b>[0m
test_functions.R.............. 2 tests <1b>[0;32mOK<1b>[0m
test_functions.R.............. 2 tests <1b>[0;32mOK<1b>[0m
test_functions.R.............. 3 tests <1b>[0;32mOK<1b>[0m
test_functions.R.............. 3 tests <1b>[0;32mOK<1b>[0m
test_functions.R.............. 4 tests <1b>[0;32mOK<1b>[0m
test_functions.R.............. 4 tests <1b>[0;32mOK<1b>[0m
test_functions.R.............. 4 tests <1b>[0;32mOK<1b>[0m
test_functions.R.............. 4 tests <1b>[0;32mOK<1b>[0m
test_functions.R.............. 4 tests <1b>[0;32mOK<1b>[0m
test_functions.R.............. 4 tests <1b>[0;32mOK<1b>[0m
test_functions.R.............. 5 tests <1b>[0;32mOK<1b>[0m
test_functions.R.............. 5 tests <1b>[0;32mOK<1b>[0m
test_functions.R.............. 6 tests <1b>[0;32mOK<1b>[0m
test_functions.R.............. 7 tests <1b>[0;32mOK<1b>[0m
test_functions.R.............. 7 tests <1b>[0;32mOK<1b>[0m
test_functions.R.............. 7 tests <1b>[0;32mOK<1b>[0m
test_functions.R.............. 8 tests <1b>[0;32mOK<1b>[0m
test_functions.R.............. 9 tests <1b>[0;32mOK<1b>[0m Assertion on 'https://fail/on/bad/url/' failed: hard error with no response.
test_functions.R.............. 10 tests <1b>[0;32mOK<1b>[0m Assertion on 'https://anyapi.io/api/v1/exchange/rates?base=NAN&apiKey=123' failed: responded but without an HTTP status code in the 200-299 range.
test_functions.R.............. 11 tests <1b>[0;32mOK<1b>[0m <1b>[0;34m19.3s<1b>[0m
test_make_datasets.R.......... 0 tests
test_make_datasets.R.......... 0 tests
test_make_datasets.R.......... 0 tests
test_make_datasets.R.......... 0 tests TIMESTAMP: 2025-07-14 09:07:28 BST
test_make_datasets.R.......... 1 tests <1b>[0;31m1 fails<1b>[0m
test_make_datasets.R.......... 1 tests <1b>[0;31m1 fails<1b>[0m
test_make_datasets.R.......... 1 tests <1b>[0;31m1 fails<1b>[0m
test_make_datasets.R.......... 1 tests <1b>[0;31m1 fails<1b>[0m Error in loadNamespace(x) : there is no package called 'dataRetrieval'
Calls: <Anonymous> ... loadNamespace -> withRestarts -> withOneRestart -> doWithOneRestart
Execution halted
Flavor: r-devel-linux-x86_64-fedora-gcc
Version: 1.2.7
Check: installed package size
Result: NOTE
installed size is 6.3Mb
sub-directories of 1Mb or more:
data 5.8Mb
Flavors: r-oldrel-macos-arm64, r-oldrel-macos-x86_64, r-oldrel-windows-x86_64