Last updated on 2025-07-16 05:49:25 CEST.
Flavor | Version | Tinstall | Tcheck | Ttotal | Status | Flags |
---|---|---|---|---|---|---|
r-devel-linux-x86_64-debian-clang | 0.14.2 | 3.10 | 31.09 | 34.19 | NOTE | |
r-devel-linux-x86_64-debian-gcc | 0.14.2 | 2.98 | 24.80 | 27.78 | NOTE | |
r-devel-linux-x86_64-fedora-clang | 0.14.2 | 52.10 | OK | |||
r-devel-linux-x86_64-fedora-gcc | 0.14.2 | 47.13 | OK | |||
r-devel-windows-x86_64 | 0.14.2 | 5.00 | 50.00 | 55.00 | OK | |
r-patched-linux-x86_64 | 0.14.2 | 3.46 | 28.09 | 31.55 | OK | |
r-release-linux-x86_64 | 0.14.2 | 3.48 | 28.19 | 31.67 | OK | |
r-release-macos-arm64 | 0.14.2 | 20.00 | OK | |||
r-release-macos-x86_64 | 0.14.2 | 33.00 | OK | |||
r-release-windows-x86_64 | 0.14.2 | 4.00 | 55.00 | 59.00 | OK | |
r-oldrel-macos-arm64 | 0.14.2 | 18.00 | OK | |||
r-oldrel-macos-x86_64 | 0.14.2 | 29.00 | OK | |||
r-oldrel-windows-x86_64 | 0.14.2 | 7.00 | 55.00 | 62.00 | OK |
Version: 0.14.2
Check: CRAN incoming feasibility
Result: NOTE
Maintainer: ‘Dominik Leutnant <leutnant@fh-muenster.de>’
Found the following (possibly) invalid file URI:
URI: CONDUCT.md
From: README.md
Flavors: r-devel-linux-x86_64-debian-clang, r-devel-linux-x86_64-debian-gcc