Last updated on 2025-07-15 23:51:23 CEST.
Flavor | Version | Tinstall | Tcheck | Ttotal | Status | Flags |
---|---|---|---|---|---|---|
r-devel-linux-x86_64-debian-clang | 0.1.0 | 11.90 | 26.84 | 38.74 | NOTE | |
r-devel-linux-x86_64-debian-gcc | 0.1.0 | 9.60 | 21.47 | 31.07 | NOTE | |
r-devel-linux-x86_64-fedora-clang | 0.1.0 | 64.19 | OK | |||
r-devel-linux-x86_64-fedora-gcc | 0.1.0 | 60.30 | OK | |||
r-devel-windows-x86_64 | 0.1.0 | 18.00 | 63.00 | 81.00 | OK | |
r-patched-linux-x86_64 | 0.1.0 | 12.76 | 24.46 | 37.22 | OK | |
r-release-linux-x86_64 | 0.1.0 | 12.41 | 24.32 | 36.73 | OK | |
r-release-macos-arm64 | 0.1.0 | 22.00 | OK | |||
r-release-macos-x86_64 | 0.1.0 | 36.00 | OK | |||
r-release-windows-x86_64 | 0.1.0 | 16.00 | 67.00 | 83.00 | OK | |
r-oldrel-macos-arm64 | 0.1.0 | 23.00 | OK | |||
r-oldrel-macos-x86_64 | 0.1.0 | 31.00 | OK | |||
r-oldrel-windows-x86_64 | 0.1.0 | 17.00 | 74.00 | 91.00 | OK |
Version: 0.1.0
Check: CRAN incoming feasibility
Result: NOTE
Maintainer: ‘Jan Wijffels <jwijffels@bnosac.be>’
The Description field contains
<arXiv:0810.2434>. The package allows to detect corners in digital
Please refer to arXiv e-prints via their arXiv DOI <doi:10.48550/arXiv.YYMM.NNNNN>.
Flavors: r-devel-linux-x86_64-debian-clang, r-devel-linux-x86_64-debian-gcc