Last updated on 2025-07-17 19:51:40 CEST.
Flavor | Version | Tinstall | Tcheck | Ttotal | Status | Flags |
---|---|---|---|---|---|---|
r-devel-linux-x86_64-debian-clang | 3.0.1 | 17.11 | 169.51 | 186.62 | NOTE | |
r-devel-linux-x86_64-debian-gcc | 3.0.1 | 12.33 | 111.69 | 124.02 | NOTE | |
r-devel-linux-x86_64-fedora-clang | 3.0.1 | 307.24 | OK | |||
r-devel-linux-x86_64-fedora-gcc | 3.0.1 | 305.41 | OK | |||
r-devel-windows-x86_64 | 3.0.1 | 22.00 | 281.00 | 303.00 | OK | |
r-patched-linux-x86_64 | 3.0.1 | 16.20 | 159.61 | 175.81 | OK | |
r-release-linux-x86_64 | 3.0.1 | 19.15 | 159.60 | 178.75 | OK | |
r-release-macos-arm64 | 3.0.1 | 99.00 | OK | |||
r-release-macos-x86_64 | 3.0.1 | 175.00 | OK | |||
r-release-windows-x86_64 | 3.0.1 | 22.00 | 275.00 | 297.00 | OK | |
r-oldrel-macos-arm64 | 3.0.1 | 83.00 | OK | |||
r-oldrel-macos-x86_64 | 3.0.1 | 132.00 | OK | |||
r-oldrel-windows-x86_64 | 3.0.1 | 28.00 | 296.00 | 324.00 | OK |
Version: 3.0.1
Check: CRAN incoming feasibility
Result: NOTE
Maintainer: ‘T. C. Hsieh <euler96@gmail.com>’
No Authors@R field in DESCRIPTION.
Please add one, modifying
Authors@R: c(person(given = c("T.", "C."),
family = "Hsieh",
role = c("aut", "cre"),
email = "euler96@gmail.com"),
person(given = c("K.", "H."),
family = "Ma",
role = "aut"),
person(given = "Anne",
family = "Chao",
role = "aut"))
as necessary.
Flavors: r-devel-linux-x86_64-debian-clang, r-devel-linux-x86_64-debian-gcc