Last updated on 2025-07-20 07:48:33 CEST.
Flavor | Version | Tinstall | Tcheck | Ttotal | Status | Flags |
---|---|---|---|---|---|---|
r-devel-linux-x86_64-debian-clang | 0.11.6 | 37.47 | 107.42 | 144.89 | OK | |
r-devel-linux-x86_64-debian-gcc | 0.11.6 | 24.59 | 79.68 | 104.27 | OK | |
r-devel-linux-x86_64-fedora-clang | 0.11.6 | 220.43 | OK | |||
r-devel-linux-x86_64-fedora-gcc | 0.11.6 | 230.51 | OK | |||
r-devel-windows-x86_64 | 0.11.6 | 36.00 | 138.00 | 174.00 | OK | |
r-patched-linux-x86_64 | 0.11.6 | 34.01 | 102.79 | 136.80 | OK | |
r-release-linux-x86_64 | 0.11.6 | 30.86 | 101.97 | 132.83 | OK | |
r-release-macos-arm64 | 0.11.6 | 71.00 | OK | |||
r-release-macos-x86_64 | 0.11.6 | 144.00 | OK | |||
r-release-windows-x86_64 | 0.11.6 | 33.00 | 136.00 | 169.00 | OK | |
r-oldrel-macos-arm64 | 0.11.6 | 72.00 | NOTE | |||
r-oldrel-macos-x86_64 | 0.11.6 | 112.00 | NOTE | |||
r-oldrel-windows-x86_64 | 0.11.6 | 46.00 | 173.00 | 219.00 | OK |
Version: 0.11.6
Check: installed package size
Result: NOTE
installed size is 10.3Mb
sub-directories of 1Mb or more:
libs 9.6Mb
Flavors: r-oldrel-macos-arm64, r-oldrel-macos-x86_64