Last updated on 2025-07-20 14:50:36 CEST.
Flavor | Version | Tinstall | Tcheck | Ttotal | Status | Flags |
---|---|---|---|---|---|---|
r-devel-linux-x86_64-debian-clang | 1.2-7 | 4.48 | 46.99 | 51.47 | OK | |
r-devel-linux-x86_64-debian-gcc | 1.2-7 | 2.91 | 33.87 | 36.78 | OK | |
r-devel-linux-x86_64-fedora-clang | 1.2-7 | 79.44 | OK | |||
r-devel-linux-x86_64-fedora-gcc | 1.2-7 | 78.37 | OK | |||
r-devel-windows-x86_64 | 1.2-7 | 5.00 | 64.00 | 69.00 | OK | |
r-patched-linux-x86_64 | 1.2-7 | 4.46 | 43.37 | 47.83 | OK | |
r-release-linux-x86_64 | 1.2-7 | 4.14 | 44.11 | 48.25 | OK | |
r-release-macos-arm64 | 1.2-7 | 51.00 | OK | |||
r-release-macos-x86_64 | 1.2-7 | 69.00 | OK | |||
r-release-windows-x86_64 | 1.2-7 | 5.00 | 63.00 | 68.00 | OK | |
r-oldrel-macos-arm64 | 1.2-7 | 46.00 | NOTE | |||
r-oldrel-macos-x86_64 | 1.2-7 | 63.00 | NOTE | |||
r-oldrel-windows-x86_64 | 1.2-7 | 7.00 | 78.00 | 85.00 | NOTE |
Version: 1.2-7
Check: package dependencies
Result: NOTE
Package suggested but not available for checking: ‘glmmADMB’
Flavors: r-oldrel-macos-arm64, r-oldrel-macos-x86_64, r-oldrel-windows-x86_64