Last updated on 2025-07-16 11:50:40 CEST.
Flavor | Version | Tinstall | Tcheck | Ttotal | Status | Flags |
---|---|---|---|---|---|---|
r-devel-linux-x86_64-debian-clang | 0.6-1 | 63.23 | 212.60 | 275.83 | OK | |
r-devel-linux-x86_64-debian-gcc | 0.6-1 | 44.42 | 155.43 | 199.85 | OK | |
r-devel-linux-x86_64-fedora-clang | 0.6-1 | 373.33 | OK | |||
r-devel-linux-x86_64-fedora-gcc | 0.6-1 | 368.87 | OK | |||
r-devel-windows-x86_64 | 0.6-1 | 64.00 | 226.00 | 290.00 | OK | |
r-patched-linux-x86_64 | 0.6-1 | 63.02 | 223.07 | 286.09 | OK | |
r-release-linux-x86_64 | 0.6-1 | 62.91 | 216.87 | 279.78 | OK | |
r-release-macos-arm64 | 0.6-1 | 153.00 | OK | |||
r-release-macos-x86_64 | 0.6-1 | 327.00 | OK | |||
r-release-windows-x86_64 | 0.6-1 | 67.00 | 230.00 | 297.00 | OK | |
r-oldrel-macos-arm64 | 0.6-1 | 259.00 | NOTE | |||
r-oldrel-macos-x86_64 | 0.6-1 | 345.00 | NOTE | |||
r-oldrel-windows-x86_64 | 0.6-1 | 76.00 | 292.00 | 368.00 | OK |
Version: 0.6-1
Check: installed package size
Result: NOTE
installed size is 8.2Mb
sub-directories of 1Mb or more:
libs 7.1Mb
Flavors: r-oldrel-macos-arm64, r-oldrel-macos-x86_64