Last updated on 2025-07-16 11:50:40 CEST.
Flavor | Version | Tinstall | Tcheck | Ttotal | Status | Flags |
---|---|---|---|---|---|---|
r-devel-linux-x86_64-debian-clang | 0.4.9 | 7.53 | 53.35 | 60.88 | OK | |
r-devel-linux-x86_64-debian-gcc | 0.4.9 | 4.31 | 38.01 | 42.32 | OK | |
r-devel-linux-x86_64-fedora-clang | 0.4.9 | 98.67 | OK | |||
r-devel-linux-x86_64-fedora-gcc | 0.4.9 | 91.39 | OK | |||
r-devel-windows-x86_64 | 0.4.9 | 9.00 | 67.00 | 76.00 | OK | |
r-patched-linux-x86_64 | 0.4.9 | 6.22 | 49.90 | 56.12 | OK | |
r-release-linux-x86_64 | 0.4.9 | 6.94 | 49.52 | 56.46 | OK | |
r-release-macos-arm64 | 0.4.9 | 30.00 | OK | |||
r-release-macos-x86_64 | 0.4.9 | 50.00 | OK | |||
r-release-windows-x86_64 | 0.4.9 | 9.00 | 75.00 | 84.00 | OK | |
r-oldrel-macos-arm64 | 0.4.9 | 27.00 | NOTE | |||
r-oldrel-macos-x86_64 | 0.4.9 | 43.00 | NOTE | |||
r-oldrel-windows-x86_64 | 0.4.9 | 12.00 | 83.00 | 95.00 | NOTE |
Version: 0.4.9
Check: LazyData
Result: NOTE
'LazyData' is specified without a 'data' directory
Flavors: r-oldrel-macos-arm64, r-oldrel-macos-x86_64, r-oldrel-windows-x86_64