Last updated on 2025-07-16 05:49:25 CEST.
Flavor | Version | Tinstall | Tcheck | Ttotal | Status | Flags |
---|---|---|---|---|---|---|
r-devel-linux-x86_64-debian-clang | 0.1.1 | 13.64 | 104.07 | 117.71 | OK | |
r-devel-linux-x86_64-debian-gcc | 0.1.1 | 11.01 | 75.24 | 86.25 | OK | |
r-devel-linux-x86_64-fedora-clang | 0.1.1 | 187.71 | OK | |||
r-devel-linux-x86_64-fedora-gcc | 0.1.1 | 181.65 | OK | |||
r-devel-windows-x86_64 | 0.1.1 | 17.00 | 113.00 | 130.00 | OK | |
r-patched-linux-x86_64 | 0.1.1 | 13.70 | 100.26 | 113.96 | OK | |
r-release-linux-x86_64 | 0.1.1 | 15.65 | 100.27 | 115.92 | OK | |
r-release-macos-arm64 | 0.1.1 | 78.00 | OK | |||
r-release-macos-x86_64 | 0.1.1 | 135.00 | OK | |||
r-release-windows-x86_64 | 0.1.1 | 17.00 | 120.00 | 137.00 | OK | |
r-oldrel-macos-arm64 | 0.1.1 | 66.00 | NOTE | |||
r-oldrel-macos-x86_64 | 0.1.1 | 178.00 | NOTE | |||
r-oldrel-windows-x86_64 | 0.1.1 | 23.00 | 139.00 | 162.00 | NOTE |
Version: 0.1.1
Check: package dependencies
Result: NOTE
Package suggested but not available for checking: ‘cmdstanr’
Flavors: r-oldrel-macos-arm64, r-oldrel-macos-x86_64, r-oldrel-windows-x86_64