Last updated on 2025-07-17 05:49:50 CEST.
Flavor | Version | Tinstall | Tcheck | Ttotal | Status | Flags |
---|---|---|---|---|---|---|
r-devel-linux-x86_64-debian-clang | 0.0.4 | 20.97 | 355.09 | 376.06 | OK | |
r-devel-linux-x86_64-debian-gcc | 0.0.4 | 16.45 | 224.63 | 241.08 | OK | |
r-devel-linux-x86_64-fedora-clang | 0.0.4 | 573.47 | OK | |||
r-devel-linux-x86_64-fedora-gcc | 0.0.4 | 563.51 | OK | |||
r-devel-windows-x86_64 | 0.0.4 | 28.00 | 318.00 | 346.00 | OK | |
r-patched-linux-x86_64 | 0.0.4 | 22.57 | 337.50 | 360.07 | OK | |
r-release-linux-x86_64 | 0.0.4 | 23.52 | 336.23 | 359.75 | OK | |
r-release-macos-arm64 | 0.0.4 | 145.00 | OK | |||
r-release-macos-x86_64 | 0.0.4 | 339.00 | OK | |||
r-release-windows-x86_64 | 0.0.4 | 26.00 | 320.00 | 346.00 | OK | |
r-oldrel-macos-arm64 | 0.0.4 | 152.00 | NOTE | |||
r-oldrel-macos-x86_64 | 0.0.4 | 269.00 | OK | |||
r-oldrel-windows-x86_64 | 0.0.4 | 30.00 | 463.00 | 493.00 | OK |
Version: 0.0.4
Check: installed package size
Result: NOTE
installed size is 5.0Mb
sub-directories of 1Mb or more:
doc 1.6Mb
libs 2.4Mb
Flavor: r-oldrel-macos-arm64