CRAN Package Check Results for Package grpseq

Last updated on 2025-07-17 05:49:50 CEST.

Flavor Version Tinstall Tcheck Ttotal Status Flags
r-devel-linux-x86_64-debian-clang 1.0 2.32 25.84 28.16 NOTE
r-devel-linux-x86_64-debian-gcc 1.0 1.70 21.27 22.97 NOTE
r-devel-linux-x86_64-fedora-clang 1.0 44.04 OK
r-devel-linux-x86_64-fedora-gcc 1.0 55.10 OK
r-devel-windows-x86_64 1.0 4.00 49.00 53.00 OK
r-patched-linux-x86_64 1.0 2.24 24.21 26.45 OK
r-release-linux-x86_64 1.0 2.21 24.43 26.64 OK
r-release-macos-arm64 1.0 26.00 OK
r-release-macos-x86_64 1.0 42.00 OK
r-release-windows-x86_64 1.0 3.00 45.00 48.00 OK
r-oldrel-macos-arm64 1.0 23.00 OK
r-oldrel-macos-x86_64 1.0 35.00 OK
r-oldrel-windows-x86_64 1.0 5.00 55.00 60.00 OK

Check Details

Version: 1.0
Check: CRAN incoming feasibility
Result: NOTE Maintainer: ‘Lu Mao <lmao@biostat.wisc.edu>’ No Authors@R field in DESCRIPTION. Please add one, modifying Authors@R: person(given = "Lu", family = "Mao", role = c("aut", "cre"), email = "lmao@biostat.wisc.edu") as necessary. Flavors: r-devel-linux-x86_64-debian-clang, r-devel-linux-x86_64-debian-gcc