Last updated on 2025-04-23 11:49:45 CEST.
Flavor | Version | Tinstall | Tcheck | Ttotal | Status | Flags |
---|---|---|---|---|---|---|
r-devel-linux-x86_64-debian-clang | 0.3.3 | 12.74 | 127.92 | 140.66 | NOTE | |
r-devel-linux-x86_64-debian-gcc | 0.3.3 | 8.96 | 87.64 | 96.60 | NOTE | |
r-devel-linux-x86_64-fedora-clang | 0.3.3 | 242.00 | NOTE | |||
r-devel-linux-x86_64-fedora-gcc | 0.3.3 | 237.90 | NOTE | |||
r-devel-windows-x86_64 | 0.3.3 | 15.00 | 253.00 | 268.00 | NOTE | |
r-patched-linux-x86_64 | 0.3.3 | 15.81 | 124.20 | 140.01 | NOTE | |
r-release-linux-x86_64 | 0.3.3 | 14.27 | 123.29 | 137.56 | NOTE | |
r-release-macos-arm64 | 0.3.3 | 140.00 | NOTE | |||
r-release-macos-x86_64 | 0.3.3 | 234.00 | NOTE | |||
r-release-windows-x86_64 | 0.3.3 | 16.00 | 406.00 | 422.00 | OK | |
r-oldrel-macos-arm64 | 0.3.3 | 303.00 | OK | |||
r-oldrel-macos-x86_64 | 0.3.3 | 447.00 | OK | |||
r-oldrel-windows-x86_64 | 0.3.3 | 21.00 | 542.00 | 563.00 | OK |
Version: 0.3.3
Check: Rd cross-references
Result: NOTE
Unknown package ‘edmcr’ in Rd xrefs
Flavors: r-devel-linux-x86_64-debian-clang, r-devel-linux-x86_64-debian-gcc, r-devel-linux-x86_64-fedora-gcc, r-devel-windows-x86_64, r-patched-linux-x86_64, r-release-linux-x86_64, r-release-macos-arm64, r-release-macos-x86_64
Version: 0.3.3
Check: Rd cross-references
Result: NOTE
Undeclared package ‘glasso’ in Rd xrefs
Unknown package ‘edmcr’ in Rd xrefs
Flavor: r-devel-linux-x86_64-fedora-clang