Last updated on 2025-07-27 07:49:34 CEST.
Flavor | Version | Tinstall | Tcheck | Ttotal | Status | Flags |
---|---|---|---|---|---|---|
r-devel-linux-x86_64-debian-clang | 1.0.4 | 11.53 | 25.31 | 36.84 | OK | |
r-devel-linux-x86_64-debian-gcc | 1.0.4 | 10.69 | 20.48 | 31.17 | OK | |
r-devel-linux-x86_64-fedora-clang | 1.0.4 | 61.04 | OK | |||
r-devel-linux-x86_64-fedora-gcc | 1.0.4 | 62.33 | OK | |||
r-devel-windows-x86_64 | 1.0.4 | 16.00 | 70.00 | 86.00 | OK | |
r-patched-linux-x86_64 | 1.0.4 | 13.61 | 24.15 | 37.76 | OK | |
r-release-linux-x86_64 | 1.0.4 | 13.94 | 24.11 | 38.05 | OK | |
r-release-macos-arm64 | 1.0.4 | 24.00 | OK | |||
r-release-macos-x86_64 | 1.0.4 | 46.00 | OK | |||
r-release-windows-x86_64 | 1.0.4 | 16.00 | 61.00 | 77.00 | OK | |
r-oldrel-macos-arm64 | 1.0.4 | 23.00 | NOTE | |||
r-oldrel-macos-x86_64 | 1.0.4 | 31.00 | NOTE | |||
r-oldrel-windows-x86_64 | 1.0.4 | 15.00 | 75.00 | 90.00 | NOTE |
Version: 1.0.4
Check: LazyData
Result: NOTE
'LazyData' is specified without a 'data' directory
Flavors: r-oldrel-macos-arm64, r-oldrel-macos-x86_64, r-oldrel-windows-x86_64