Last updated on 2025-07-16 05:49:24 CEST.
Flavor | Version | Tinstall | Tcheck | Ttotal | Status | Flags |
---|---|---|---|---|---|---|
r-devel-linux-x86_64-debian-clang | 1.1.0 | 29.54 | 216.49 | 246.03 | NOTE | |
r-devel-linux-x86_64-debian-gcc | 1.1.0 | 18.76 | 152.20 | 170.96 | NOTE | |
r-devel-linux-x86_64-fedora-clang | 1.1.0 | 387.37 | NOTE | |||
r-devel-linux-x86_64-fedora-gcc | 1.1.0 | 370.37 | NOTE | |||
r-devel-windows-x86_64 | 1.1.0 | 28.00 | 287.00 | 315.00 | OK | |
r-patched-linux-x86_64 | 1.1.0 | 30.97 | 200.94 | 231.91 | OK | |
r-release-linux-x86_64 | 1.1.0 | 28.16 | 204.47 | 232.63 | OK | |
r-release-macos-arm64 | 1.1.0 | 178.00 | OK | |||
r-release-macos-x86_64 | 1.1.0 | 215.00 | OK | |||
r-release-windows-x86_64 | 1.1.0 | 29.00 | 237.00 | 266.00 | OK | |
r-oldrel-macos-arm64 | 1.1.0 | 100.00 | OK | |||
r-oldrel-macos-x86_64 | 1.1.0 | 167.00 | OK | |||
r-oldrel-windows-x86_64 | 1.1.0 | 40.00 | 278.00 | 318.00 | OK |
Version: 1.1.0
Check: CRAN incoming feasibility
Result: NOTE
Maintainer: ‘Giona Casiraghi <giona@ethz.ch>’
The Description field contains
Schweitzer, F. (2016) <arXiv:1607.02441>. Casiraghi, G., Nanumyan, V.,
Casiraghi, G., (2017) <arXiv:1702.02048> Brandenberger, L., Casiraghi,
Please refer to arXiv e-prints via their arXiv DOI <doi:10.48550/arXiv.YYMM.NNNNN>.
Flavors: r-devel-linux-x86_64-debian-clang, r-devel-linux-x86_64-debian-gcc
Version: 1.1.0
Check: dependencies in R code
Result: NOTE
Namespace in Imports field not imported from: ‘methods’
All declared Imports should be used.
Flavors: r-devel-linux-x86_64-fedora-clang, r-devel-linux-x86_64-fedora-gcc