Last updated on 2025-11-06 09:48:42 CET.
| Flavor | Version | Tinstall | Tcheck | Ttotal | Status | Flags |
|---|---|---|---|---|---|---|
| r-devel-linux-x86_64-debian-clang | 0.0.7 | 7.24 | 101.55 | 108.79 | OK | |
| r-devel-linux-x86_64-debian-gcc | 0.0.7 | 5.59 | 72.86 | 78.45 | OK | |
| r-devel-linux-x86_64-fedora-clang | 0.0.8 | 60.00 | 123.08 | 183.08 | OK | |
| r-devel-linux-x86_64-fedora-gcc | 0.0.8 | 50.00 | 141.35 | 191.35 | OK | |
| r-devel-windows-x86_64 | 0.0.7 | 9.00 | 96.00 | 105.00 | OK | |
| r-patched-linux-x86_64 | 0.0.7 | 7.16 | 95.38 | 102.54 | OK | |
| r-release-linux-x86_64 | 0.0.7 | 6.00 | 68.32 | 74.32 | ERROR | |
| r-release-macos-arm64 | 0.0.8 | 3.00 | 49.00 | 52.00 | OK | |
| r-release-macos-x86_64 | 0.0.8 | 12.00 | 114.00 | 126.00 | OK | |
| r-release-windows-x86_64 | 0.0.7 | 9.00 | 96.00 | 105.00 | OK | |
| r-oldrel-macos-arm64 | 0.0.8 | 3.00 | 55.00 | 58.00 | OK | |
| r-oldrel-macos-x86_64 | 0.0.8 | 5.00 | 103.00 | 108.00 | OK | |
| r-oldrel-windows-x86_64 | 0.0.7 | 12.00 | 120.00 | 132.00 | OK |
Version: 0.0.7
Check: re-building of vignette outputs
Result: ERROR
Error(s) in re-building vignettes:
...
--- re-building ‘ggtangle.Rmd’ using rmarkdown
Quitting from ggtangle.Rmd:73-79 [unnamed-chunk-4]
~~~~~~~~~~~~~~~~~~~~~~~~~~~~~~~~~~~~~~~~~~~~~~~~~~~~~~~~~~~~~~~~~~~~~~~~~~~~~~~~
<error/rlang_error>
Error in `loadNamespace()`:
! there is no package called 'ggtree'
---
Backtrace:
▆
1. ├─ggplot2::geom_label(...)
2. │ └─ggplot2::layer(...)
3. │ └─ggplot2::fortify(data)
4. └─base::loadNamespace(x)
5. └─base::withRestarts(stop(cond), retry_loadNamespace = function() NULL)
6. └─base (local) withOneRestart(expr, restarts[[1L]])
7. └─base (local) doWithOneRestart(return(expr), restart)
~~~~~~~~~~~~~~~~~~~~~~~~~~~~~~~~~~~~~~~~~~~~~~~~~~~~~~~~~~~~~~~~~~~~~~~~~~~~~~~~
Error: processing vignette 'ggtangle.Rmd' failed with diagnostics:
there is no package called 'ggtree'
--- failed re-building ‘ggtangle.Rmd’
SUMMARY: processing the following file failed:
‘ggtangle.Rmd’
Error: Vignette re-building failed.
Execution halted
Flavor: r-release-linux-x86_64