Last updated on 2025-07-19 08:48:37 CEST.
Flavor | Version | Tinstall | Tcheck | Ttotal | Status | Flags |
---|---|---|---|---|---|---|
r-devel-linux-x86_64-debian-clang | 1.6.5 | 9.44 | 154.05 | 163.49 | NOTE | |
r-devel-linux-x86_64-debian-gcc | 1.6.5 | 6.58 | 109.35 | 115.93 | NOTE | |
r-devel-linux-x86_64-fedora-clang | 1.6.5 | 235.27 | NOTE | |||
r-devel-linux-x86_64-fedora-gcc | 1.6.5 | 234.12 | NOTE | |||
r-devel-windows-x86_64 | 1.6.5 | 13.00 | 141.00 | 154.00 | NOTE | |
r-patched-linux-x86_64 | 1.6.5 | 9.28 | 144.26 | 153.54 | NOTE | |
r-release-linux-x86_64 | 1.6.5 | 8.76 | 144.34 | 153.10 | NOTE | |
r-release-macos-arm64 | 1.6.5 | 69.00 | NOTE | |||
r-release-macos-x86_64 | 1.6.5 | 144.00 | NOTE | |||
r-release-windows-x86_64 | 1.6.5 | 10.00 | 139.00 | 149.00 | NOTE | |
r-oldrel-macos-arm64 | 1.6.5 | 72.00 | NOTE | |||
r-oldrel-macos-x86_64 | 1.6.5 | 111.00 | NOTE | |||
r-oldrel-windows-x86_64 | 1.6.5 | 13.00 | 183.00 | 196.00 | NOTE |
Version: 1.6.5
Check: CRAN incoming feasibility
Result: NOTE
Maintainer: ‘Athanasia Mo Mowinckel <a.m.mowinckel@psykologi.uio.no>’
Package CITATION file contains call(s) to old-style citEntry(). Please
use bibentry() instead.
Flavors: r-devel-linux-x86_64-debian-clang, r-devel-linux-x86_64-debian-gcc
Version: 1.6.5
Check: package subdirectories
Result: NOTE
Problems with news in ‘NEWS.md’:
Cannot extract version info from the following section titles:
* Changes all data options to .data to decrease possibility of column naming overlap
Flavors: r-devel-linux-x86_64-debian-clang, r-devel-linux-x86_64-debian-gcc, r-devel-linux-x86_64-fedora-clang, r-devel-linux-x86_64-fedora-gcc, r-devel-windows-x86_64, r-patched-linux-x86_64, r-release-linux-x86_64, r-release-macos-arm64, r-release-macos-x86_64, r-release-windows-x86_64, r-oldrel-macos-arm64, r-oldrel-macos-x86_64, r-oldrel-windows-x86_64