Last updated on 2025-07-19 01:49:04 CEST.
Flavor | Version | Tinstall | Tcheck | Ttotal | Status | Flags |
---|---|---|---|---|---|---|
r-devel-linux-x86_64-debian-clang | 0.10.1 | 5.07 | 53.30 | 58.37 | NOTE | |
r-devel-linux-x86_64-debian-gcc | 0.10.1 | 3.81 | 40.58 | 44.39 | NOTE | |
r-devel-linux-x86_64-fedora-clang | 0.10.1 | 85.96 | NOTE | |||
r-devel-linux-x86_64-fedora-gcc | 0.10.1 | 93.51 | NOTE | |||
r-devel-windows-x86_64 | 0.10.1 | 7.00 | 72.00 | 79.00 | OK | |
r-patched-linux-x86_64 | 0.10.1 | 4.92 | 51.38 | 56.30 | NOTE | |
r-release-linux-x86_64 | 0.10.1 | 3.52 | 50.05 | 53.57 | NOTE | |
r-release-macos-arm64 | 0.10.1 | 48.00 | OK | |||
r-release-macos-x86_64 | 0.10.1 | 84.00 | OK | |||
r-release-windows-x86_64 | 0.10.1 | 7.00 | 75.00 | 82.00 | OK | |
r-oldrel-macos-arm64 | 0.10.1 | 37.00 | OK | |||
r-oldrel-macos-x86_64 | 0.10.1 | 67.00 | OK | |||
r-oldrel-windows-x86_64 | 0.10.1 | 8.00 | 86.00 | 94.00 | OK |
Version: 0.10.1
Check: R code for possible problems
Result: NOTE
Found the following assignments to the global environment:
File ‘ggExtra/R/ggMarginalGadget.R’:
assign(plotname, eval(parse(text = origPlot)), envir = .GlobalEnv)
Flavors: r-devel-linux-x86_64-debian-clang, r-devel-linux-x86_64-debian-gcc, r-devel-linux-x86_64-fedora-clang, r-patched-linux-x86_64, r-release-linux-x86_64
Version: 0.10.1
Check: dependencies in R code
Result: NOTE
Namespaces in Imports field not imported from:
‘R6’ ‘scales’ ‘utils’
All declared Imports should be used.
Flavors: r-devel-linux-x86_64-fedora-clang, r-devel-linux-x86_64-fedora-gcc