Last updated on 2025-07-15 11:49:26 CEST.
Flavor | Version | Tinstall | Tcheck | Ttotal | Status | Flags |
---|---|---|---|---|---|---|
r-devel-linux-x86_64-debian-clang | 0.2.2 | 3.13 | 154.48 | 157.61 | NOTE | |
r-devel-linux-x86_64-debian-gcc | 0.2.2 | 2.55 | 102.35 | 104.90 | NOTE | |
r-devel-linux-x86_64-fedora-clang | 0.2.2 | 242.40 | OK | |||
r-devel-linux-x86_64-fedora-gcc | 0.2.2 | 246.57 | OK | |||
r-devel-windows-x86_64 | 0.2.2 | 5.00 | 163.00 | 168.00 | OK | |
r-patched-linux-x86_64 | 0.2.2 | 3.02 | 148.21 | 151.23 | OK | |
r-release-linux-x86_64 | 0.2.2 | 3.03 | 146.95 | 149.98 | OK | |
r-release-macos-arm64 | 0.2.2 | 117.00 | OK | |||
r-release-macos-x86_64 | 0.2.2 | 160.00 | OK | |||
r-release-windows-x86_64 | 0.2.2 | 6.00 | 160.00 | 166.00 | OK | |
r-oldrel-macos-arm64 | 0.2.2 | 71.00 | OK | |||
r-oldrel-macos-x86_64 | 0.2.2 | 117.00 | OK | |||
r-oldrel-windows-x86_64 | 0.2.2 | 7.00 | 198.00 | 205.00 | OK |
Version: 0.2.2
Check: CRAN incoming feasibility
Result: NOTE
Maintainer: ‘Lerato E Magosi <magosil86@gmail.com>’
Package CITATION file contains call(s) to old-style personList() or
as.personList(). Please use c() on person objects instead.
Package CITATION file contains call(s) to old-style citEntry(). Please
use bibentry() instead.
Flavors: r-devel-linux-x86_64-debian-clang, r-devel-linux-x86_64-debian-gcc